{"id":1091,"date":"2014-04-17T11:33:46","date_gmt":"2014-04-17T09:33:46","guid":{"rendered":"http:\/\/das.raumtuning.info\/?page_id=1091"},"modified":"2021-05-15T20:38:05","modified_gmt":"2021-05-15T18:38:05","slug":"informationen","status":"publish","type":"page","link":"https:\/\/das.raumtuning.info\/?page_id=1091","title":{"rendered":"Informationen"},"content":{"rendered":"","protected":true},"excerpt":{"rendered":"","protected":true},"author":1,"featured_media":0,"parent":1831,"menu_order":0,"comment_status":"open","ping_status":"closed","template":"","meta":{"jetpack_post_was_ever_published":false,"footnotes":""},"class_list":["post-1091","page","type-page","status-publish","post-password-required","hentry"],"aioseo_notices":[],"jetpack_sharing_enabled":true,"jetpack_shortlink":"https:\/\/wp.me\/P4hjs0-hB","jetpack-related-posts":[{"id":245,"url":"https:\/\/das.raumtuning.info\/?page_id=245","url_meta":{"origin":1091,"position":0},"title":"A.I.O. Entst\u00f6rung","date":"29. Januar 2014","format":false,"excerpt":"A.I.O. - das all in one - Konzept A.I.O. steht f\u00fcr \"all-in-one\". Hierbei war es erstmals mit \u00fcberschaubarem Aufwand m\u00f6glich, Informationen sowohl f\u00fcr eine Entst\u00f6rung von Feldanomalien, eine Information gegen Stress im Menschen und ein bipolares Feld auf ein Objekt aufzubringen. Diese einmalige Technik ist ein Meilenstein sowohl in der\u2026","rel":"","context":"Similar post","img":{"alt_text":"Quelle: Vortex HiFi","src":"https:\/\/i0.wp.com\/das.raumtuning.info\/wp-content\/uploads\/2014\/02\/marimbaphon.jpg?fit=1080%2C529&ssl=1&resize=350%2C200","width":350,"height":200},"classes":[]},{"id":277,"url":"https:\/\/das.raumtuning.info\/?page_id=277","url_meta":{"origin":1091,"position":1},"title":"Informierung","date":"30. Januar 2014","format":false,"excerpt":"\u00a0Was ist Informierung und wie nutzen wir diese f\u00fcr Ihr H\u00f6rerlebnis? Informationen, so wie wir diese verstehen, sind Strukturen, welche physikalische und\/oder biologische Reaktionen hervorrufen. Es ist ein Schl\u00fcssel-Schloss-Prinzip. Die Vorg\u00e4nge zum Beispiel im Menschen werden durch Kommunikation hervorgerufen. Eine Zelle sagt der N\u00e4chsten, was diese zu tun hat. Dazu\u2026","rel":"","context":"Similar post","img":{"alt_text":"Quelle: Vortex HiFi","src":"https:\/\/i0.wp.com\/das.raumtuning.info\/wp-content\/uploads\/2014\/02\/Rassel_web.jpg?fit=1080%2C717&ssl=1&resize=350%2C200","width":350,"height":200},"classes":[]},{"id":4448,"url":"https:\/\/das.raumtuning.info\/?page_id=4448","url_meta":{"origin":1091,"position":2},"title":"Bedienungsanleitung Iraser L\u00f6schSt\u00e4be","date":"22. Januar 2019","format":false,"excerpt":"Herzlichen Gl\u00fcckwunsch zum Erwerb Ihres Vortex HiFi Iraser Informationen-L\u00f6schstab! Der Iraser Stab hat die Aufgabe unerw\u00fcnschte Informationen welche sich in Materialien mit der Zeit bilden zu l\u00f6schen und gegen klanglich vorteilhafte Informationen zu ersetzen. Je nach Komplexit\u00e4t dieser von uns auf den Stab aufgebrachten Informationen handelt es sich um einen\u2026","rel":"","context":"Similar post","img":{"alt_text":"","src":"https:\/\/i0.wp.com\/das.raumtuning.info\/wp-content\/uploads\/2019\/01\/Iraser-I2-PI-blaue-Seite.jpg?fit=1200%2C675&ssl=1&resize=350%2C200","width":350,"height":200},"classes":[]},{"id":279,"url":"https:\/\/das.raumtuning.info\/?page_id=279","url_meta":{"origin":1091,"position":3},"title":"Bipolares Aktivfeld","date":"30. Januar 2014","format":false,"excerpt":"Informationen verteilen Schon seit vielen Jahren arbeitet der Entwickler\u00a0 der A.I.O. - Technik, Norbert Maurer, an Konzepten zur Verteilung von Strukturinformationen zwecks Entst\u00f6rung und Entstressung. Dabei experimentierte er mit Ionen, Licht aber auch einem Feld, das er Aktivfeld nannte. Aktivfeld deshalb, weil die sonst lokal wirkenden Strukturinformationen damit \u00fcber einen\u2026","rel":"","context":"Similar post","img":{"alt_text":"Quelle: Vortex HiFi","src":"https:\/\/i0.wp.com\/das.raumtuning.info\/wp-content\/uploads\/2014\/02\/Klarinette_web.jpg?fit=1080%2C580&ssl=1&resize=350%2C200","width":350,"height":200},"classes":[]},{"id":265,"url":"https:\/\/das.raumtuning.info\/?page_id=265","url_meta":{"origin":1091,"position":4},"title":"A.I.O. Entst\u00f6r -Produkte","date":"29. Januar 2014","format":false,"excerpt":"Die Vortex HiFi A.I.O. Produkt \u2013 Vorteile Reduzierung von St\u00f6rfeldern ohne klangsch\u00e4dliche Filter Reduzierung von St\u00f6rfeldern ohne akustische Beeintr\u00e4chtigungen Reduzierung von St\u00f6rfeldern ohne Signalver\u00e4nderung Informierung gegen klangsch\u00e4dliche Potentialwirbel (Entst\u00f6rung) Informierung zur Entstressung des Menschen Informationen f\u00fcr eine kraftvolle Vorstellungskraft (P.I.-Technik) in Diamant-Standard. (Nur bei Diamant Standard Produkten.) Vitalisierung.\u00a0 (Nur bei\u2026","rel":"","context":"Similar post","img":{"alt_text":"","src":"https:\/\/i0.wp.com\/das.raumtuning.info\/wp-content\/uploads\/2014\/01\/Ronde-30-10-web.jpg?fit=1063%2C752&ssl=1&resize=350%2C200","width":350,"height":200},"classes":[]},{"id":1596,"url":"https:\/\/das.raumtuning.info\/?page_id=1596","url_meta":{"origin":1091,"position":5},"title":"Bedienungsanleitung A.I.O. Pyramiden","date":"6. November 2014","format":false,"excerpt":"Herzlichen Gl\u00fcckwunsch zum Erwerb Ihrer Vortex HiFi A.I.O. Pyramide 30 \/ 40! Sie haben eines der innovativsten HiFi -Zubeh\u00f6r-Produkte \u00fcberhaupt erworben. Die A.I.O. Pyramide 30 \/ 40 ist das Ergebnis einer langj\u00e4hrigen Erforschung der Beeinflussung des menschlichen Nervensystems \/ H\u00f6rsystems durch Elektrosmog und deren Beseitigung. Der St\u00f6rungsprozess des Nervensystems \/\u2026","rel":"","context":"Similar post","img":{"alt_text":"","src":"https:\/\/i0.wp.com\/das.raumtuning.info\/wp-content\/uploads\/2014\/11\/pyramiden.jpg?fit=1063%2C797&ssl=1&resize=350%2C200","width":350,"height":200},"classes":[]}],"_links":{"self":[{"href":"https:\/\/das.raumtuning.info\/index.php?rest_route=\/wp\/v2\/pages\/1091","targetHints":{"allow":["GET"]}}],"collection":[{"href":"https:\/\/das.raumtuning.info\/index.php?rest_route=\/wp\/v2\/pages"}],"about":[{"href":"https:\/\/das.raumtuning.info\/index.php?rest_route=\/wp\/v2\/types\/page"}],"author":[{"embeddable":true,"href":"https:\/\/das.raumtuning.info\/index.php?rest_route=\/wp\/v2\/users\/1"}],"replies":[{"embeddable":true,"href":"https:\/\/das.raumtuning.info\/index.php?rest_route=%2Fwp%2Fv2%2Fcomments&post=1091"}],"version-history":[{"count":35,"href":"https:\/\/das.raumtuning.info\/index.php?rest_route=\/wp\/v2\/pages\/1091\/revisions"}],"predecessor-version":[{"id":5480,"href":"https:\/\/das.raumtuning.info\/index.php?rest_route=\/wp\/v2\/pages\/1091\/revisions\/5480"}],"up":[{"embeddable":true,"href":"https:\/\/das.raumtuning.info\/index.php?rest_route=\/wp\/v2\/pages\/1831"}],"wp:attachment":[{"href":"https:\/\/das.raumtuning.info\/index.php?rest_route=%2Fwp%2Fv2%2Fmedia&parent=1091"}],"curies":[{"name":"wp","href":"https:\/\/api.w.org\/{rel}","templated":true}]}}