{"id":279,"date":"2014-01-30T10:32:33","date_gmt":"2014-01-30T09:32:33","guid":{"rendered":"http:\/\/das.raumtuning.info\/?page_id=279"},"modified":"2014-03-27T13:57:07","modified_gmt":"2014-03-27T12:57:07","slug":"bipolares-aktivfeld","status":"publish","type":"page","link":"https:\/\/das.raumtuning.info\/?page_id=279","title":{"rendered":"Bipolares Aktivfeld"},"content":{"rendered":"<h1>Informationen verteilen<\/h1>\n<p>Schon seit vielen Jahren arbeitet der Entwickler\u00a0 der <a title=\"A.I.O. Entst\u00f6rung\" href=\"http:\/\/das.raumtuning.info\/?page_id=245\">A.I.O. &#8211; Technik<\/a>, Norbert Maurer, an Konzepten zur Verteilung von <a title=\"Informierung\" href=\"http:\/\/das.raumtuning.info\/?page_id=277\">Strukturinformationen <span style=\"color: #000000;\">z<\/span><\/a>wecks <a title=\"Entst\u00f6rung\" href=\"http:\/\/das.raumtuning.info\/?page_id=283\">Entst\u00f6rung<\/a> und <a title=\"Entstressung\" href=\"http:\/\/das.raumtuning.info\/?page_id=281\">Entstressung<\/a>. Dabei experimentierte er mit Ionen, Licht aber auch einem Feld, das er Aktivfeld nannte. Aktivfeld deshalb, weil die sonst lokal wirkenden Strukturinformationen damit \u00fcber einen gro\u00dfen Bereich \u00fcbertragen werden konnten. So wurde die Information erst weitreichend zum Wirken gebracht &#8211; also aktiviert. Dies potenzierte die Wirkung der <a title=\"Informierung\" href=\"http:\/\/das.raumtuning.info\/?page_id=277\" target=\"_blank\">Informationen<\/a> und so die <a title=\"Entst\u00f6rung\" href=\"http:\/\/das.raumtuning.info\/?page_id=283\">Entst\u00f6rung<\/a> und <a title=\"Entstressung\" href=\"http:\/\/das.raumtuning.info\/?page_id=281\">Entstressung<\/a>.<\/p>\n<h4>Neues bipolares Aktivfeld<\/h4>\n<p>Das bisherige Aktivfeld wirkte nur in eine Richtung und konnte insbesondere f\u00fcr die <a title=\"Entstressung\" href=\"http:\/\/das.raumtuning.info\/?page_id=281\" target=\"_blank\">Entstressung<\/a> wichtige Information nur in ein n\u00e4heres Umfeld transportieren. W\u00e4hrend die <a title=\"Ger\u00e4te Entst\u00f6ren\" href=\"http:\/\/das.raumtuning.info\/?page_id=297\" target=\"_blank\">Entst\u00f6rung<\/a> sehr erfolgreich verteilt werden konnte, war die <a title=\"Entstressung\" href=\"http:\/\/das.raumtuning.info\/?page_id=281\" target=\"_blank\">Entstressung<\/a> sehr aufwendig. Eine neue Entdeckung machte es nun m\u00f6glich, ein extrem viel st\u00e4rkeres, bipolares Feld zu schaffen. So kann allein durch das Doppelfeld der doppelte Raum entst\u00f6rt \/ entstresst werden.<\/p>\n<p>Es ist jetzt zum Beispiel m\u00f6glich, eine Fensterscheibe\u00a0 mit einem <a title=\"A.I.O. Entst\u00f6rung\" href=\"http:\/\/das.raumtuning.info\/?page_id=245\" target=\"_blank\">A.I.O. Halbedelstein<\/a> zu entst\u00f6ren (Feld nach au\u00dfen) und gleichzeitig in den Raum hinein (Feld nach innen) eine <a title=\"Entstressung\" href=\"http:\/\/das.raumtuning.info\/?page_id=281\" target=\"_blank\">Entstressungsinformation<\/a> f\u00fcr den Menschen abzugeben. So besetzt der<a title=\"Nano Shield\" href=\"http:\/\/das.raumtuning.info\/?page_id=243\"> Nano Shield<\/a> Power Plug einen <a title=\"A.I.O. Entst\u00f6rung\" href=\"http:\/\/das.raumtuning.info\/?page_id=245\">A.I.O. Halbedelstein<\/a>, der jetzt mit seinem bipolaren Feld, sowohl die Steckdosenkontakte <a title=\"Entst\u00f6rung\" href=\"http:\/\/das.raumtuning.info\/?page_id=283\">entst\u00f6ren<\/a> kann (Feld nach au\u00dfen &#8211; in die Steckdose) und gleichzeitig den Raum (Feld nach innen) eine <a title=\"Entstressung\" href=\"http:\/\/das.raumtuning.info\/?page_id=281\">entstressende<\/a> <a title=\"Informierung\" href=\"http:\/\/das.raumtuning.info\/?page_id=277\">Information<\/a> gibt.<\/p>\n<h4>Kleine Objekte, gro\u00dfe Wirkung<\/h4>\n<p>Zus\u00e4tzlich ist das neue bipolare Feld in der Lage, alle Informationen \u00fcber sehr weite Bereiche zu \u00fcbertragen. Was bisher nur mit gro\u00dfen Objekten und \u00fcber wenigen Meter \u00fcbertragen werden konnte, kann jetzt mit Objekten, die nur 1\/100 der Masse haben, \u00fcber eine mehrfache Distanz \u00fcbertragen werden. Dies erm\u00f6glicht, auch stark wirkende Objekte zu schaffen, die klein genug sind, um in einem Stecker untergebracht zu werden, wie die <a title=\"A.I.O. Entst\u00f6rung\" href=\"http:\/\/das.raumtuning.info\/?page_id=245\" target=\"_blank\">A.I.O. Halbedelsteine<\/a> in unseren<a title=\"Nano Shield Plug\u00b4s\" href=\"http:\/\/das.raumtuning.info\/?page_id=267\" target=\"_blank\"> Nano Shield Plugs<\/a>.<\/p>\n<p>&nbsp;<\/p>\n<p>&nbsp;<\/p>\n","protected":false},"excerpt":{"rendered":"<p>Informationen verteilen Schon seit vielen Jahren arbeitet der Entwickler\u00a0 der A.I.O. &#8211; Technik, Norbert Maurer, an Konzepten zur Verteilung von Strukturinformationen zwecks Entst\u00f6rung und Entstressung. Dabei experimentierte er mit Ionen, Licht aber auch einem Feld, das er Aktivfeld nannte. Aktivfeld deshalb, weil die sonst lokal wirkenden Strukturinformationen damit \u00fcber einen gro\u00dfen Bereich \u00fcbertragen werden konnten. So wurde die Information erst weitreichend zum Wirken gebracht &#8211; also aktiviert. Dies potenzierte die Wirkung der Informationen und so die Entst\u00f6rung und Entstressung. Neues&#8230;<\/p>\n<p class=\"read-more\"><a class=\"btn btn-default\" href=\"https:\/\/das.raumtuning.info\/?page_id=279\">Weiterlesen<span class=\"screen-reader-text\"> Weiterlesen<\/span><\/a><\/p>\n","protected":false},"author":1,"featured_media":644,"parent":138,"menu_order":0,"comment_status":"open","ping_status":"closed","template":"","meta":{"jetpack_post_was_ever_published":false,"footnotes":""},"class_list":["post-279","page","type-page","status-publish","has-post-thumbnail","hentry"],"aioseo_notices":[],"jetpack_sharing_enabled":true,"jetpack_shortlink":"https:\/\/wp.me\/P4hjs0-4v","jetpack-related-posts":[{"id":1596,"url":"https:\/\/das.raumtuning.info\/?page_id=1596","url_meta":{"origin":279,"position":0},"title":"Bedienungsanleitung A.I.O. Pyramiden","date":"6. November 2014","format":false,"excerpt":"Herzlichen Gl\u00fcckwunsch zum Erwerb Ihrer Vortex HiFi A.I.O. Pyramide 30 \/ 40! Sie haben eines der innovativsten HiFi -Zubeh\u00f6r-Produkte \u00fcberhaupt erworben. Die A.I.O. Pyramide 30 \/ 40 ist das Ergebnis einer langj\u00e4hrigen Erforschung der Beeinflussung des menschlichen Nervensystems \/ H\u00f6rsystems durch Elektrosmog und deren Beseitigung. Der St\u00f6rungsprozess des Nervensystems \/\u2026","rel":"","context":"Similar post","img":{"alt_text":"","src":"https:\/\/i0.wp.com\/das.raumtuning.info\/wp-content\/uploads\/2014\/11\/pyramiden.jpg?fit=1063%2C797&ssl=1&resize=350%2C200","width":350,"height":200},"classes":[]},{"id":245,"url":"https:\/\/das.raumtuning.info\/?page_id=245","url_meta":{"origin":279,"position":1},"title":"A.I.O. Entst\u00f6rung","date":"29. Januar 2014","format":false,"excerpt":"A.I.O. - das all in one - Konzept A.I.O. steht f\u00fcr \"all-in-one\". Hierbei war es erstmals mit \u00fcberschaubarem Aufwand m\u00f6glich, Informationen sowohl f\u00fcr eine Entst\u00f6rung von Feldanomalien, eine Information gegen Stress im Menschen und ein bipolares Feld auf ein Objekt aufzubringen. Diese einmalige Technik ist ein Meilenstein sowohl in der\u2026","rel":"","context":"Similar post","img":{"alt_text":"Quelle: Vortex HiFi","src":"https:\/\/i0.wp.com\/das.raumtuning.info\/wp-content\/uploads\/2014\/02\/marimbaphon.jpg?fit=1080%2C529&ssl=1&resize=350%2C200","width":350,"height":200},"classes":[]},{"id":247,"url":"https:\/\/das.raumtuning.info\/?page_id=247","url_meta":{"origin":279,"position":2},"title":"2D &#8211; Entst\u00f6rung","date":"29. Januar 2014","format":false,"excerpt":"Wenn Preis und Leistung z\u00e4hlen Die 2D \u2013 Entst\u00f6rung ist f\u00fcr die HiFi \u2013 Basics entwickelt. \u00dcberall, wo Strom flie\u00dft, elektrische oder magnetische Felder abgestrahlt werden, elektromagnetische Wellen ihren Ursprung haben oder sich die Leitf\u00e4higkeit f\u00fcr elektrische (Permitivit\u00e4t) oder magnetische (Permeabilit\u00e4t) Felder sich pl\u00f6tzlich \u00e4ndern, entstehen die von Prof. Dr.\u2026","rel":"","context":"Similar post","img":{"alt_text":"Quelle: Vortex HiFi","src":"https:\/\/i0.wp.com\/das.raumtuning.info\/wp-content\/uploads\/2014\/02\/Snare_web.jpg?fit=1080%2C533&ssl=1&resize=350%2C200","width":350,"height":200},"classes":[]},{"id":1616,"url":"https:\/\/das.raumtuning.info\/?page_id=1616","url_meta":{"origin":279,"position":3},"title":"Bedienungsanleitung Nano Shield Plugs","date":"6. November 2014","format":false,"excerpt":"Herzlichen Gl\u00fcckwunsch zum Erwerb Ihres Vortex HiFi Nano Shield Plug Sie haben eines der Innovativsten HiFi- Zubeh\u00f6r-Produkte \u00fcberhaupt erworben. Ihr Nano Shield Plug vereinigt High Tech Know-how moderner Nano - Abschirm-Technik mit den neuesten Erkenntnissen in der Beeinflussung des menschlichen Nervensystems durch Elektrosmog und deren Beseitigung. Vortex HiFi Plug -\u2026","rel":"","context":"Similar post","img":{"alt_text":"Vortex HiFi Nano Shield Power Plug B","src":"https:\/\/i0.wp.com\/das.raumtuning.info\/wp-content\/uploads\/2014\/11\/Stecker..jpg?fit=1063%2C752&ssl=1&resize=350%2C200","width":350,"height":200},"classes":[]},{"id":2479,"url":"https:\/\/das.raumtuning.info\/?page_id=2479","url_meta":{"origin":279,"position":4},"title":"A.I.O. &#8211; CAPS","date":"29. M\u00e4rz 2016","format":false,"excerpt":"Die Klangrevolution in Sachen Dust Caps Das Video aus der Reihe short and simple erkl\u00e4rt die AIO Caps und die neuen Diamant Plus Caps und zeigt die Anwendung. https:\/\/youtu.be\/YM3W1Bal-p0 Mit unseren informierten A.I.O.- Dust CAPS schl\u00e4gt Vortex HiFi ein neues Kapitel im High End HiFi auf. Ein 5,-\u20ac Zubeh\u00f6r das\u2026","rel":"","context":"Similar post","img":{"alt_text":"","src":"https:\/\/i0.wp.com\/das.raumtuning.info\/wp-content\/uploads\/2016\/03\/Alle-CAPS-AIO-Granit-CAP.jpg?fit=1200%2C800&ssl=1&resize=350%2C200","width":350,"height":200},"classes":[]},{"id":291,"url":"https:\/\/das.raumtuning.info\/?page_id=291","url_meta":{"origin":279,"position":5},"title":"Wenn Lautsprecher verschwinden &#8230;","date":"30. Januar 2014","format":false,"excerpt":"... und Lifeklang bleibt. Stellen Sie sich vor, Ihre Lautsprecher w\u00e4ren verschwunden und Sie sitzen im Konzertsaal - so klingen Lautsprecher mit den exclusiven Vortex HiFi Techniken. Wie verschwinden Lautsprecher, wenn wir nicht Harry Houdini bem\u00fchen k\u00f6nnen. Die L\u00f6sung lautet: durch Einbildung oder besser Vorstellungskraft. Man k\u00f6nnte aber auch sagen,\u2026","rel":"","context":"Similar post","img":{"alt_text":"Quelle: Vortex HiFi","src":"https:\/\/i0.wp.com\/das.raumtuning.info\/wp-content\/uploads\/2014\/02\/Orgel-web.jpg?fit=1080%2C719&ssl=1&resize=350%2C200","width":350,"height":200},"classes":[]}],"_links":{"self":[{"href":"https:\/\/das.raumtuning.info\/index.php?rest_route=\/wp\/v2\/pages\/279","targetHints":{"allow":["GET"]}}],"collection":[{"href":"https:\/\/das.raumtuning.info\/index.php?rest_route=\/wp\/v2\/pages"}],"about":[{"href":"https:\/\/das.raumtuning.info\/index.php?rest_route=\/wp\/v2\/types\/page"}],"author":[{"embeddable":true,"href":"https:\/\/das.raumtuning.info\/index.php?rest_route=\/wp\/v2\/users\/1"}],"replies":[{"embeddable":true,"href":"https:\/\/das.raumtuning.info\/index.php?rest_route=%2Fwp%2Fv2%2Fcomments&post=279"}],"version-history":[{"count":15,"href":"https:\/\/das.raumtuning.info\/index.php?rest_route=\/wp\/v2\/pages\/279\/revisions"}],"predecessor-version":[{"id":1000,"href":"https:\/\/das.raumtuning.info\/index.php?rest_route=\/wp\/v2\/pages\/279\/revisions\/1000"}],"up":[{"embeddable":true,"href":"https:\/\/das.raumtuning.info\/index.php?rest_route=\/wp\/v2\/pages\/138"}],"wp:featuredmedia":[{"embeddable":true,"href":"https:\/\/das.raumtuning.info\/index.php?rest_route=\/wp\/v2\/media\/644"}],"wp:attachment":[{"href":"https:\/\/das.raumtuning.info\/index.php?rest_route=%2Fwp%2Fv2%2Fmedia&parent=279"}],"curies":[{"name":"wp","href":"https:\/\/api.w.org\/{rel}","templated":true}]}}