{"id":289,"date":"2014-01-30T10:41:34","date_gmt":"2014-01-30T09:41:34","guid":{"rendered":"http:\/\/das.raumtuning.info\/?page_id=289"},"modified":"2014-12-12T12:37:51","modified_gmt":"2014-12-12T11:37:51","slug":"menschen-entstressen","status":"publish","type":"page","link":"https:\/\/das.raumtuning.info\/?page_id=289","title":{"rendered":"Menschen entstressen"},"content":{"rendered":"<h1>Emotionen, G\u00e4nsehaut und Fu\u00dfwippen<\/h1>\n<p>Musik bedeutet Emotionen, G\u00e4nsehaut und das unbewusste Fu\u00dfwippen. Nicht der Schall ist das Entscheidende, sondern die k\u00f6rperliche Reaktion! Man h\u00f6rt eine Frauenstimme und stellt sich sofort eine Person vor \u2013 oft sehr konkret. Musik stimuliert verschiedene Gehirnregionen &#8211; das H\u00f6ren aber eben auch zum Beispiel den visuellen Teil. Musikh\u00f6ren ist ein ganzheitlicher Vorgang.<\/p>\n<p>Das alles hat mit Schall nichts zu tun, sondern spielt sich im Kopf, ja im ganzen K\u00f6rper ab. Das, was wir durch Musik empfinden, hat sicher den Schall als Ausgangspunkt \u2013 entscheidend, ob wir uns emotional ber\u00fcht finden, hat aber etwas mit Gef\u00fchlen, mit Wohlbefinden zu tun.<\/p>\n<p>Genau hier setzt die Vortex HiFi Forschung mit ihren A.I.O. Information in den Entstressungsprodukten an. In der Medizin sind Informationen schon seit \u00fcber 200 Jahren bekannt, Vorg\u00e4nge im menschlichen K\u00f6rper zu beeinflussen. Diese Informationen werden auf Ihren K\u00f6rper \u00fcbertragen, um den Stressmomenten zum Beispiel durch Elektrosmog etwas entgegen zu setzen. Dies f\u00fchrt zu einer deutlichen Entspannung und so zu einer nicht nur emotionaleren, sondern auch viel detailreicheren und plastischeren Musikempfindung. Denn daf\u00fcr ist ein entstresstes Nervensystem zwingend notwendig.<\/p>\n<p>Dies messen wir mittels einer ANS-Statusmessung. Dabei steht ANS f\u00fcr Autonomes Nervensystem und dieser Status wird anhand eines EKS und einer Computerprogramms ermittelt.\u00a0 Wir k\u00f6nnen so die Wirkung unserer <a title=\"A.I.O. Entst\u00f6rung\" href=\"http:\/\/das.raumtuning.info\/?page_id=245\" target=\"_blank\">A.I.O. Entstressung<\/a> eindeutig nachweisen. Andere Reden \u00fcber stressfreies H\u00f6ren \u2013 wir messen es Ihnen sogar vor.<\/p>\n<h3>Stress durch Energiespaarlampe<\/h3>\n<p>Mit Hilfe unserer EKG &#8211; Messungen k\u00f6nnen wir Stress und Regelver\u00e4nderungen des Autonomen Nervensystems messen. Dabei werden Kennzahlen aus den Abst\u00e4nden zwischen Herzschl\u00e4gen statistisch ausgewertet &#8211; die sogenannte Herzratenvariabilit\u00e4t. Die Herzratenvariabilit\u00e4t (kurz HRV) ist ein Vitalma\u00df, da diese mit dem Alter abnimmt.<\/p>\n<p>Wir haben nun eine Energiesparlampe, die viel <a title=\"Dirty Power\" href=\"http:\/\/das.raumtuning.info\/?page_id=230\" target=\"_blank\">Dirty Power<\/a> erzeugt, neben einer Testperson einmal eingeschaltet und einmal nicht. Die untere Grafik zeigt die \u00c4nderung der wichtigsten HRV &#8211; Parameter einer Testperson und des daraus ermittelten Stressindex. Den Stressindex haben wir invertiert dargestellt &#8211; um so h\u00f6her der inverterte Stressindex desto besser. Alle HRV-Parameter verschlechtern sich!<\/p>\n<figure id=\"attachment_1037\" aria-describedby=\"caption-attachment-1037\" style=\"width: 679px\" class=\"wp-caption alignnone\"><a href=\"http:\/\/das.raumtuning.info\/?attachment_id=1037\" rel=\"attachment wp-att-1037\"><img fetchpriority=\"high\" decoding=\"async\" data-attachment-id=\"1037\" data-permalink=\"https:\/\/das.raumtuning.info\/?attachment_id=1037\" data-orig-file=\"https:\/\/i0.wp.com\/das.raumtuning.info\/wp-content\/uploads\/2014\/01\/HRV-Energiesparlampe-2.png?fit=679%2C679&amp;ssl=1\" data-orig-size=\"679,679\" data-comments-opened=\"1\" data-image-meta=\"{&quot;aperture&quot;:&quot;0&quot;,&quot;credit&quot;:&quot;&quot;,&quot;camera&quot;:&quot;&quot;,&quot;caption&quot;:&quot;&quot;,&quot;created_timestamp&quot;:&quot;0&quot;,&quot;copyright&quot;:&quot;&quot;,&quot;focal_length&quot;:&quot;0&quot;,&quot;iso&quot;:&quot;0&quot;,&quot;shutter_speed&quot;:&quot;0&quot;,&quot;title&quot;:&quot;&quot;}\" data-image-title=\"HRV-Energiesparlampe-2\" data-image-description=\"\" data-image-caption=\"\" data-medium-file=\"https:\/\/i0.wp.com\/das.raumtuning.info\/wp-content\/uploads\/2014\/01\/HRV-Energiesparlampe-2.png?fit=300%2C300&amp;ssl=1\" data-large-file=\"https:\/\/i0.wp.com\/das.raumtuning.info\/wp-content\/uploads\/2014\/01\/HRV-Energiesparlampe-2.png?fit=640%2C640&amp;ssl=1\" class=\" wp-image-1037 \" title=\"HRV (Herzratenvariabilit\u00e4ts) - Verschlechterung durch eine Energiesparlampe. Quelle Vortex HiFi\" src=\"https:\/\/i0.wp.com\/das.raumtuning.info\/wp-content\/uploads\/2014\/01\/HRV-Energiesparlampe-2.png?resize=640%2C640\" alt=\"HRV (Herzratenvariabilit\u00e4ts) - Verschlechterung durch eine Energiesparlampe. Quelle Vortex HiFi\" width=\"640\" height=\"640\" srcset=\"https:\/\/i0.wp.com\/das.raumtuning.info\/wp-content\/uploads\/2014\/01\/HRV-Energiesparlampe-2.png?w=679&amp;ssl=1 679w, https:\/\/i0.wp.com\/das.raumtuning.info\/wp-content\/uploads\/2014\/01\/HRV-Energiesparlampe-2.png?resize=150%2C150&amp;ssl=1 150w, https:\/\/i0.wp.com\/das.raumtuning.info\/wp-content\/uploads\/2014\/01\/HRV-Energiesparlampe-2.png?resize=300%2C300&amp;ssl=1 300w, https:\/\/i0.wp.com\/das.raumtuning.info\/wp-content\/uploads\/2014\/01\/HRV-Energiesparlampe-2.png?resize=144%2C144&amp;ssl=1 144w\" sizes=\"(max-width: 640px) 100vw, 640px\" data-recalc-dims=\"1\" \/><\/a><figcaption id=\"caption-attachment-1037\" class=\"wp-caption-text\">HRV (Herzratenvariabilit\u00e4ts) &#8211; Verschlechterung durch eine Energiesparlampe. Quelle Vortex HiFi<\/figcaption><\/figure>\n<h3>Verbesserung aller HRV &#8211; Parameter mit A.I.O. &#8211; Donut!<\/h3>\n<p>Unter den Stressbedingungen der eingeschalteten Energiesparlampe wurde der Testperson nun ein <a title=\"A.I.O. Entst\u00f6r -Produkte\" href=\"http:\/\/das.raumtuning.info\/?page_id=265\" target=\"_blank\">Vortex HiFi A.I.O. -Donut<\/a> umgelegt und erneut ein EKG ermittelt. Die <a title=\"Entstressung\" href=\"http:\/\/das.raumtuning.info\/?page_id=281\" target=\"_blank\">Entstressungs<\/a> &#8211; <a title=\"Informierung\" href=\"http:\/\/das.raumtuning.info\/?page_id=277\" target=\"_blank\">Information<\/a> des Donut verbesserte den invertierten Stressindex um 32%! Der wichtigste Parameter (Power &#8211; Total), quasi die Gesamtregelf\u00e4higkeit verbesserte sich um 90%! Dies sind die Grundlagen f\u00fcr ein im wahrsten Sinne des Wortes stressfreies und differenziertes Musikerlebnis.<\/p>\n<figure id=\"attachment_1036\" aria-describedby=\"caption-attachment-1036\" style=\"width: 679px\" class=\"wp-caption alignnone\"><a href=\"http:\/\/das.raumtuning.info\/?attachment_id=1036\" rel=\"attachment wp-att-1036\"><img decoding=\"async\" data-attachment-id=\"1036\" data-permalink=\"https:\/\/das.raumtuning.info\/?attachment_id=1036\" data-orig-file=\"https:\/\/i0.wp.com\/das.raumtuning.info\/wp-content\/uploads\/2014\/01\/HRV-Ver\u00e4nderung-Donut.png?fit=679%2C679&amp;ssl=1\" data-orig-size=\"679,679\" data-comments-opened=\"1\" data-image-meta=\"{&quot;aperture&quot;:&quot;0&quot;,&quot;credit&quot;:&quot;&quot;,&quot;camera&quot;:&quot;&quot;,&quot;caption&quot;:&quot;&quot;,&quot;created_timestamp&quot;:&quot;0&quot;,&quot;copyright&quot;:&quot;&quot;,&quot;focal_length&quot;:&quot;0&quot;,&quot;iso&quot;:&quot;0&quot;,&quot;shutter_speed&quot;:&quot;0&quot;,&quot;title&quot;:&quot;&quot;}\" data-image-title=\"HRV-Ver\u00e4nderung-Donut\" data-image-description=\"\" data-image-caption=\"\" data-medium-file=\"https:\/\/i0.wp.com\/das.raumtuning.info\/wp-content\/uploads\/2014\/01\/HRV-Ver\u00e4nderung-Donut.png?fit=300%2C300&amp;ssl=1\" data-large-file=\"https:\/\/i0.wp.com\/das.raumtuning.info\/wp-content\/uploads\/2014\/01\/HRV-Ver\u00e4nderung-Donut.png?fit=640%2C640&amp;ssl=1\" class=\" wp-image-1036 \" title=\"Verbesserung der HRV - Parameter inklusive Stressindex durch die Verwendung des Vortex HiFi A.I.O. - Donut.\" src=\"https:\/\/i0.wp.com\/das.raumtuning.info\/wp-content\/uploads\/2014\/01\/HRV-Ver\u00e4nderung-Donut.png?resize=640%2C640\" alt=\"Verbesserung der HRV - Parameter inklusive Stressindex durch die Verwendung des Vortex HiFi A.I.O. - Donut.\" width=\"640\" height=\"640\" srcset=\"https:\/\/i0.wp.com\/das.raumtuning.info\/wp-content\/uploads\/2014\/01\/HRV-Ver\u00e4nderung-Donut.png?w=679&amp;ssl=1 679w, https:\/\/i0.wp.com\/das.raumtuning.info\/wp-content\/uploads\/2014\/01\/HRV-Ver\u00e4nderung-Donut.png?resize=150%2C150&amp;ssl=1 150w, https:\/\/i0.wp.com\/das.raumtuning.info\/wp-content\/uploads\/2014\/01\/HRV-Ver\u00e4nderung-Donut.png?resize=300%2C300&amp;ssl=1 300w, https:\/\/i0.wp.com\/das.raumtuning.info\/wp-content\/uploads\/2014\/01\/HRV-Ver\u00e4nderung-Donut.png?resize=144%2C144&amp;ssl=1 144w\" sizes=\"(max-width: 640px) 100vw, 640px\" data-recalc-dims=\"1\" \/><\/a><figcaption id=\"caption-attachment-1036\" class=\"wp-caption-text\">Verbesserung der HRV &#8211; Parameter inklusive Stressindex durch die Verwendung des Vortex HiFi A.I.O. &#8211; Donut.<\/figcaption><\/figure>\n<figure id=\"attachment_1676\" aria-describedby=\"caption-attachment-1676\" style=\"width: 1063px\" class=\"wp-caption aligncenter\"><a href=\"https:\/\/i0.wp.com\/das.raumtuning.info\/wp-content\/uploads\/2014\/01\/Donut-mit-Logo-web.jpg\" target=\"_blank\"><img decoding=\"async\" data-attachment-id=\"1676\" data-permalink=\"https:\/\/das.raumtuning.info\/?attachment_id=1676\" data-orig-file=\"https:\/\/i0.wp.com\/das.raumtuning.info\/wp-content\/uploads\/2014\/01\/Donut-mit-Logo-web.jpg?fit=1063%2C752&amp;ssl=1\" data-orig-size=\"1063,752\" data-comments-opened=\"1\" data-image-meta=\"{&quot;aperture&quot;:&quot;0&quot;,&quot;credit&quot;:&quot;&quot;,&quot;camera&quot;:&quot;&quot;,&quot;caption&quot;:&quot;&quot;,&quot;created_timestamp&quot;:&quot;0&quot;,&quot;copyright&quot;:&quot;&quot;,&quot;focal_length&quot;:&quot;0&quot;,&quot;iso&quot;:&quot;0&quot;,&quot;shutter_speed&quot;:&quot;0&quot;,&quot;title&quot;:&quot;&quot;,&quot;orientation&quot;:&quot;0&quot;}\" data-image-title=\"Donut-mit-Logo-web\" data-image-description=\"\" data-image-caption=\"&lt;p&gt;K\u00f6rper Entstressung&lt;\/p&gt;\n\" data-medium-file=\"https:\/\/i0.wp.com\/das.raumtuning.info\/wp-content\/uploads\/2014\/01\/Donut-mit-Logo-web.jpg?fit=300%2C212&amp;ssl=1\" data-large-file=\"https:\/\/i0.wp.com\/das.raumtuning.info\/wp-content\/uploads\/2014\/01\/Donut-mit-Logo-web.jpg?fit=640%2C453&amp;ssl=1\" class=\"wp-image-1676 size-full\" src=\"https:\/\/i0.wp.com\/das.raumtuning.info\/wp-content\/uploads\/2014\/01\/Donut-mit-Logo-web.jpg?resize=640%2C453\" alt=\"Vortex HiFi A.I.O. Entstressungs Donut\" width=\"640\" height=\"453\" srcset=\"https:\/\/i0.wp.com\/das.raumtuning.info\/wp-content\/uploads\/2014\/01\/Donut-mit-Logo-web.jpg?w=1063&amp;ssl=1 1063w, https:\/\/i0.wp.com\/das.raumtuning.info\/wp-content\/uploads\/2014\/01\/Donut-mit-Logo-web.jpg?resize=300%2C212&amp;ssl=1 300w, https:\/\/i0.wp.com\/das.raumtuning.info\/wp-content\/uploads\/2014\/01\/Donut-mit-Logo-web.jpg?resize=1024%2C724&amp;ssl=1 1024w, https:\/\/i0.wp.com\/das.raumtuning.info\/wp-content\/uploads\/2014\/01\/Donut-mit-Logo-web.jpg?resize=900%2C636&amp;ssl=1 900w\" sizes=\"(max-width: 640px) 100vw, 640px\" data-recalc-dims=\"1\" \/><\/a><figcaption id=\"caption-attachment-1676\" class=\"wp-caption-text\">Vortex HiFi A.I.O. Entstressungs Donut<\/figcaption><\/figure>\n<dl id=\"attachment_186\" class=\"wp-caption alignnone\" style=\"width: 550px;\">\n<dd class=\"wp-caption-dd\">Vortex HiFi A.I.O. (all in one) Donut mit bipolarem Aktivfeld, einer Entst\u00f6rungs &#8211; Information und einer Entstresungsinformation f\u00fcr den Menschen<\/dd>\n<\/dl>\n<p>&nbsp;<\/p>\n<p>Die Vortex HiFi A.I.O. Informierung haben wir auf einen Halbedelstein, einen Schneeflocken-Obsidian aufgebracht und dieser kann so in Form eines Donut getragen werden.<\/p>\n","protected":false},"excerpt":{"rendered":"<p>Emotionen, G\u00e4nsehaut und Fu\u00dfwippen Musik bedeutet Emotionen, G\u00e4nsehaut und das unbewusste Fu\u00dfwippen. Nicht der Schall ist das Entscheidende, sondern die k\u00f6rperliche Reaktion! Man h\u00f6rt eine Frauenstimme und stellt sich sofort eine Person vor \u2013 oft sehr konkret. Musik stimuliert verschiedene Gehirnregionen &#8211; das H\u00f6ren aber eben auch zum Beispiel den visuellen Teil. Musikh\u00f6ren ist ein ganzheitlicher Vorgang. Das alles hat mit Schall nichts zu tun, sondern spielt sich im Kopf, ja im ganzen K\u00f6rper ab. Das, was wir durch Musik&#8230;<\/p>\n<p class=\"read-more\"><a class=\"btn btn-default\" href=\"https:\/\/das.raumtuning.info\/?page_id=289\">Weiterlesen<span class=\"screen-reader-text\"> Weiterlesen<\/span><\/a><\/p>\n","protected":false},"author":1,"featured_media":649,"parent":41,"menu_order":0,"comment_status":"open","ping_status":"closed","template":"","meta":{"jetpack_post_was_ever_published":false,"footnotes":""},"class_list":["post-289","page","type-page","status-publish","has-post-thumbnail","hentry"],"aioseo_notices":[],"jetpack_sharing_enabled":true,"jetpack_shortlink":"https:\/\/wp.me\/P4hjs0-4F","jetpack-related-posts":[{"id":1690,"url":"https:\/\/das.raumtuning.info\/?page_id=1690","url_meta":{"origin":289,"position":0},"title":"Power Imagination","date":"9. Dezember 2014","format":false,"excerpt":"Herzlich willkommen in der Welt der kraftvollen Vorstellungskraft - die Vortex HiFi P.I. Technik. Die Power Imagination (P.I.) Technik von Vortex HiFi \u00fcberlagert den St\u00f6rfeldern einer Anlage oder des Raumes P.I.-Informationen. Diese Informationen\u00a0 haben das Ziel, St\u00f6rungen im kybernetischen Kommunikationssystem des menschlichen K\u00f6rper aufzul\u00f6sen. So ist eine ganzheitliche Musikempfindung wie\u2026","rel":"","context":"Similar post","img":{"alt_text":"","src":"https:\/\/i0.wp.com\/das.raumtuning.info\/wp-content\/uploads\/2014\/12\/Power-Imanigation.jpg?fit=1200%2C633&ssl=1&resize=350%2C200","width":350,"height":200},"classes":[]},{"id":6790,"url":"https:\/\/das.raumtuning.info\/?page_id=6790","url_meta":{"origin":289,"position":1},"title":"Musik, Emotionen und Stress das Interview","date":"29. M\u00e4rz 2023","format":false,"excerpt":"Musik, Emotionen und Stress\u00a0von Marco Kolks, H\u00f6rerlebnis Ein Interview mit Norbert Maurer \u00fcber die neuen Ground Optimizer von Vortex HiFi H\u00f6rerlebnis hat die neuen Ground Optimizer der 2. Generation von Vortex HiFi getestet und war \u00fcberrascht, wie gro\u00df der Unterschied zur ersten Generation ist. Grunds\u00e4tzlich reduziert der Ground Optimizer niederfrequente\u2026","rel":"","context":"Similar post","img":{"alt_text":"","src":"https:\/\/i0.wp.com\/das.raumtuning.info\/wp-content\/uploads\/2023\/03\/Cover-Ground-Optimizer-MKII-Head.jpg?fit=1200%2C595&ssl=1&resize=350%2C200","width":350,"height":200},"classes":[]},{"id":41,"url":"https:\/\/das.raumtuning.info\/?page_id=41","url_meta":{"origin":289,"position":2},"title":"L\u00f6sungen","date":"13. Januar 2014","format":false,"excerpt":"Die Vortex HiFi Entst\u00f6rmatrix Hier sehen Sie einzelne Probleme und unserre L\u00f6sungen. Weiter unten haben wir f\u00fcr Sie L\u00f6sungsbereiche zusammengestellt. Ziel unserer L\u00f6sungen ist es, die konkreten Probleme in ihrem Zuhause zu beseitigen, damit Sie Musik wie Life in Ihrem Zuhause genie\u00dfen k\u00f6nnen. Dazu setzen wir ganzheitlich, also am Raum,\u2026","rel":"","context":"Similar post","img":{"alt_text":"Quelle: Vortex HiFi","src":"https:\/\/i0.wp.com\/das.raumtuning.info\/wp-content\/uploads\/2014\/02\/E-Gitarre-Steg_web.jpg?fit=1080%2C810&ssl=1&resize=350%2C200","width":350,"height":200},"classes":[]},{"id":10,"url":"https:\/\/das.raumtuning.info\/","url_meta":{"origin":289,"position":3},"title":"Home","date":"12. Dezember 2013","format":false,"excerpt":"Musik h\u00f6ren war gestern... ... Musik empfinden ist heute! - Vortex HiFi \u00a0 \u00a0 \u00a0 \u00a0 Die Vortex HiFi Forschung stellt immer wieder die (HiFi)-Welt auf den Kopf. Technische Ger\u00e4te wie Handys, Laptops, Computer oder Router, die das Musikh\u00f6ren bisher stark verschlechtert haben, f\u00f6rdern nun den Klang durch neue Vortex\u2026","rel":"","context":"Similar post","img":{"alt_text":"","src":"https:\/\/i0.wp.com\/das.raumtuning.info\/wp-content\/uploads\/2014\/01\/Blut-in-nat\u00fcrlicher-Umwelt-rot2.png?resize=350%2C200","width":350,"height":200},"classes":[]},{"id":3210,"url":"https:\/\/das.raumtuning.info\/?page_id=3210","url_meta":{"origin":289,"position":4},"title":"Ger\u00e4tef\u00fc\u00dfe","date":"24. Januar 2018","format":false,"excerpt":"Das kleine Video aus der short and simple Reihe erkl\u00e4rt die F\u00fc\u00dfe und zeigt die Anwendung. https:\/\/youtu.be\/4CA8W_5tvSk Ein echter Musikprofi wie der Metallblasinstrumentenbauer und Diplom Musiker Thomas Kr\u00fcger vom - Das andere HiFi-Studio - schreibt \u00fcber seine 1. Begegnung mit den Vortex HiFi F\u00fc\u00dfen: \"Hallo Herr Maurer, habe gerade F\u00fc\u00dfe\u2026","rel":"","context":"Similar post","img":{"alt_text":"","src":"https:\/\/i0.wp.com\/das.raumtuning.info\/wp-content\/uploads\/2018\/01\/Alle-F\u00fc\u00dfe-Natur-Hintergrund-unscharf-zoom.jpg?fit=1200%2C675&ssl=1&resize=350%2C200","width":350,"height":200},"classes":[]},{"id":291,"url":"https:\/\/das.raumtuning.info\/?page_id=291","url_meta":{"origin":289,"position":5},"title":"Wenn Lautsprecher verschwinden &#8230;","date":"30. Januar 2014","format":false,"excerpt":"... und Lifeklang bleibt. Stellen Sie sich vor, Ihre Lautsprecher w\u00e4ren verschwunden und Sie sitzen im Konzertsaal - so klingen Lautsprecher mit den exclusiven Vortex HiFi Techniken. Wie verschwinden Lautsprecher, wenn wir nicht Harry Houdini bem\u00fchen k\u00f6nnen. Die L\u00f6sung lautet: durch Einbildung oder besser Vorstellungskraft. Man k\u00f6nnte aber auch sagen,\u2026","rel":"","context":"Similar post","img":{"alt_text":"Quelle: Vortex HiFi","src":"https:\/\/i0.wp.com\/das.raumtuning.info\/wp-content\/uploads\/2014\/02\/Orgel-web.jpg?fit=1080%2C719&ssl=1&resize=350%2C200","width":350,"height":200},"classes":[]}],"_links":{"self":[{"href":"https:\/\/das.raumtuning.info\/index.php?rest_route=\/wp\/v2\/pages\/289","targetHints":{"allow":["GET"]}}],"collection":[{"href":"https:\/\/das.raumtuning.info\/index.php?rest_route=\/wp\/v2\/pages"}],"about":[{"href":"https:\/\/das.raumtuning.info\/index.php?rest_route=\/wp\/v2\/types\/page"}],"author":[{"embeddable":true,"href":"https:\/\/das.raumtuning.info\/index.php?rest_route=\/wp\/v2\/users\/1"}],"replies":[{"embeddable":true,"href":"https:\/\/das.raumtuning.info\/index.php?rest_route=%2Fwp%2Fv2%2Fcomments&post=289"}],"version-history":[{"count":12,"href":"https:\/\/das.raumtuning.info\/index.php?rest_route=\/wp\/v2\/pages\/289\/revisions"}],"predecessor-version":[{"id":339,"href":"https:\/\/das.raumtuning.info\/index.php?rest_route=\/wp\/v2\/pages\/289\/revisions\/339"}],"up":[{"embeddable":true,"href":"https:\/\/das.raumtuning.info\/index.php?rest_route=\/wp\/v2\/pages\/41"}],"wp:featuredmedia":[{"embeddable":true,"href":"https:\/\/das.raumtuning.info\/index.php?rest_route=\/wp\/v2\/media\/649"}],"wp:attachment":[{"href":"https:\/\/das.raumtuning.info\/index.php?rest_route=%2Fwp%2Fv2%2Fmedia&parent=289"}],"curies":[{"name":"wp","href":"https:\/\/api.w.org\/{rel}","templated":true}]}}