{"id":297,"date":"2014-01-30T10:47:08","date_gmt":"2014-01-30T09:47:08","guid":{"rendered":"http:\/\/das.raumtuning.info\/?page_id=297"},"modified":"2014-03-27T13:57:06","modified_gmt":"2014-03-27T12:57:06","slug":"geraete-entstoeren","status":"publish","type":"page","link":"https:\/\/das.raumtuning.info\/?page_id=297","title":{"rendered":"Ger\u00e4te entst\u00f6ren"},"content":{"rendered":"<p>Moderne Quellen wie Streamer arbeiten heute mit 32 Bit Signaltiefe und 384 kHz Samplingfrequenz, arbeiten also zigtausende Mal feiner, als die CD dies je konnte. Aber warum klingen sie unter gleichen Bedingungen nicht wirklich besser? Wir zeigen Ihnen, wie Sie die Klangbremsen Ihrer Anlage beseitigen.<\/p>\n<p>Die moderne <a title=\"Elektrosmog\" href=\"http:\/\/das.raumtuning.info\/?page_id=239\">medizinische Forschung<\/a> zeigt, dass insbesondere <a title=\"Prof. Dr. Peter Semm\" href=\"http:\/\/das.raumtuning.info\/?page_id=311\">pulsierende Signale<\/a> das menschliche Nervensystem und damit das H\u00f6ren negativ beeinflussen. Dies ist der Grund f\u00fcr die vielen klanglichen Unterschiede die man zweifelsfrei h\u00f6rt, aber keine oder nur minimale Signal\u00e4nderungen findet. Die unteren Graphiken zeigen den Einfluss eines Computers in 1m Entfernung auf das Autonome Nervensystem einer Testperson.<\/p>\n<p class=\"jetpack-slideshow-noscript robots-nocontent\">Diese Slideshow erfordert aktiviertes JavaScript.<\/p><div id=\"gallery-297-1-slideshow\" class=\"jetpack-slideshow-window jetpack-slideshow jetpack-slideshow-black\" data-trans=\"fade\" data-autostart=\"1\" data-gallery=\"[{&quot;src&quot;:&quot;https:\\\/\\\/i0.wp.com\\\/das.raumtuning.info\\\/wp-content\\\/uploads\\\/2013\\\/12\\\/HRV-Scanner-.jpg?fit=1080%2C1080\\u0026ssl=1&quot;,&quot;id&quot;:&quot;717&quot;,&quot;title&quot;:&quot;HRV-Scanner, Quelle: Vortex HiFi&quot;,&quot;alt&quot;:&quot;HRV-EKG zur StressmessungHRV-EKG zur Stressmessung, Quelle: Vortex HiFi&quot;,&quot;caption&quot;:&quot;HRV-EKG zur Stressmessung, Quelle: Vortex HiFi&quot;,&quot;itemprop&quot;:&quot;image&quot;},{&quot;src&quot;:&quot;https:\\\/\\\/i0.wp.com\\\/das.raumtuning.info\\\/wp-content\\\/uploads\\\/2013\\\/12\\\/ANS-Quadrat-ohne-Laptop.jpg?fit=652%2C652\\u0026ssl=1&quot;,&quot;id&quot;:&quot;708&quot;,&quot;title&quot;:&quot;Der Laptop erzeugt Stress. Der Messpunkt springt in die Mitte. Quelle: Vortex HiFi&quot;,&quot;alt&quot;:&quot;Der Messpunkt liegt ohne Laptop rechts im parasympathischen (entstresst) Bereich. Quelle: Vortex HiFi&quot;,&quot;caption&quot;:&quot;Der Messpunkt liegt ohne Laptop rechts im parasympathischen (entstresst) Bereich. Quelle: Vortex HiFi&quot;,&quot;itemprop&quot;:&quot;image&quot;},{&quot;src&quot;:&quot;https:\\\/\\\/i0.wp.com\\\/das.raumtuning.info\\\/wp-content\\\/uploads\\\/2013\\\/12\\\/ANS-Quadrat-mit-Laptop.jpg?fit=652%2C652\\u0026ssl=1&quot;,&quot;id&quot;:&quot;709&quot;,&quot;title&quot;:&quot;Der Messpunkt liegt ohne Laptop links im parasympathischen (entstresst) Bereich. Quelle: Vortex HiFi&quot;,&quot;alt&quot;:&quot;Der Laptop erzeugt Stress. Der Messpunkt springt in die Mitte. Quelle: Vortex HiFi&quot;,&quot;caption&quot;:&quot;Der Laptop erzeugt Stress. Der Messpunkt springt in die Mitte. Quelle: Vortex HiFi&quot;,&quot;itemprop&quot;:&quot;image&quot;}]\" itemscope itemtype=\"https:\/\/schema.org\/ImageGallery\"><\/div>\n<p>Auf Basis dieser neuen Erkenntnisse \u00fcber das H\u00f6ren haben wir gezielt Entst\u00f6rmittel entwickelt, welche sich mit digitalen Signalquellen und ihren Datennetzwerken besch\u00e4ftigen. Beseitigen Sie die St\u00f6rungen durch die digitalen Ger\u00e4te und den damit verbundenen Netzwerken, entfesseln Sie ein Klangfeuerwerk, das eben nur mit hoch aufl\u00f6senden Signalen m\u00f6glich ist, Sie aber bisher noch nie h\u00f6ren konnten!<\/p>\n<h3><b>Unsere kleinen Helfer f\u00fcr Streamer &amp; Co<\/b><\/h3>\n<p><b>Was ist zu tun?<\/b><\/p>\n<p>Alle digitalen Ein- und Ausg\u00e4nge m\u00fcssen davon abgehalten werden, ihre St\u00f6rung abzustrahlen. Dazu sind die Ein \u2013 und Ausg\u00e4nge mit unseren <a title=\"Nano Shield Plug\u00b4s\" href=\"http:\/\/das.raumtuning.info\/?page_id=267\">Nano Shield Abschirm Plugs<\/a> zu verschlie\u00dfen. Au\u00dferdem empfehlen wir, die offenen analogen Ein- und Ausg\u00e4nge ebenfalls abzuschirmen, damit die St\u00f6rungen des Massepotentials nicht abgestrahlt werden k\u00f6nnen. Zus\u00e4tzlich empfehlen wir die digitalen Quellen mit einer <a title=\"A.I.O. Entst\u00f6r -Produkte\" href=\"http:\/\/das.raumtuning.info\/?page_id=265\">A.I.O. Halbedelstein Entst\u00f6rronde<\/a> zu entst\u00f6ren und zu entstressen.<\/p>\n<h4><b>Die Klangverbesserung im Einzelnen:<\/b><\/h4>\n<p><strong>Abschirmen der digitalen Aus- und Eing\u00e4nge<\/strong><\/p>\n<ul>\n<li>Vortex HiFi Nano Shield 75 Ohm RCA Plug<\/li>\n<li>Vortex HiFi Nano Shield USB A Plug<\/li>\n<li>Vortex HiFi Nano Shield USB B Plug<\/li>\n<li>Vortex HiFi Nano Shield RJ 45 LAN Plug<\/li>\n<\/ul>\n<p><strong>Abschirmen der analogen Aus- und Eing\u00e4nge<\/strong><\/p>\n<ul>\n<li>Vortex HiFi Nano Shield RCA Plug<\/li>\n<\/ul>\n<p><strong>Abschirmen Router, Switch, usw<\/strong><\/p>\n<ul>\n<li>Vortex HiFi Nano Shield RJ 45 LAN Plug<\/li>\n<li>Vortex HiFi Nano Shield USB A Plug<\/li>\n<\/ul>\n<p><strong>Abschirmen Laptop \/ PC<\/strong><\/p>\n<ul>\n<li>Vortex HiFi Nano Shield USB A Plug<\/li>\n<li>Vortex HiFi Nano Shield RJ 45 LAN Plug<\/li>\n<li>Vortex HiFi A.O.I. Entst\u00f6rronde 30 (<strong>Laptop-Netzteil<\/strong>)<\/li>\n<\/ul>\n<p><strong>Basis-Entst\u00f6rung der Ger\u00e4te und Netzteile<\/strong><\/p>\n<ul>\n<li>Vortex HiFi<a title=\"2D-Entst\u00f6r-Chip\u00b4s\" href=\"http:\/\/das.raumtuning.info\/?page_id=263\"> 2D \u2013 Entst\u00f6r \u2013 Chips<\/a> 20mm<\/li>\n<\/ul>\n<p><strong>alternativ: Advanced-Entst\u00f6rung der Ger\u00e4te und Netzteile<\/strong><\/p>\n<ul>\n<li>Vortex HiFi <a title=\"A.I.O. Entst\u00f6r -Produkte\" href=\"http:\/\/das.raumtuning.info\/?page_id=265\">A.I.O. Entst\u00f6r-Ronde 30<\/a><\/li>\n<\/ul>\n","protected":false},"excerpt":{"rendered":"<p>Moderne Quellen wie Streamer arbeiten heute mit 32 Bit Signaltiefe und 384 kHz Samplingfrequenz, arbeiten also zigtausende Mal feiner, als die CD dies je konnte. Aber warum klingen sie unter gleichen Bedingungen nicht wirklich besser? Wir zeigen Ihnen, wie Sie die Klangbremsen Ihrer Anlage beseitigen. Die moderne medizinische Forschung zeigt, dass insbesondere pulsierende Signale das menschliche Nervensystem und damit das H\u00f6ren negativ beeinflussen. Dies ist der Grund f\u00fcr die vielen klanglichen Unterschiede die man zweifelsfrei h\u00f6rt, aber keine oder nur&#8230;<\/p>\n<p class=\"read-more\"><a class=\"btn btn-default\" href=\"https:\/\/das.raumtuning.info\/?page_id=297\">Weiterlesen<span class=\"screen-reader-text\"> Weiterlesen<\/span><\/a><\/p>\n","protected":false},"author":1,"featured_media":434,"parent":41,"menu_order":0,"comment_status":"open","ping_status":"closed","template":"","meta":{"jetpack_post_was_ever_published":false,"footnotes":""},"class_list":["post-297","page","type-page","status-publish","has-post-thumbnail","hentry"],"aioseo_notices":[],"jetpack_sharing_enabled":true,"jetpack_shortlink":"https:\/\/wp.me\/P4hjs0-4N","jetpack-related-posts":[{"id":12,"url":"https:\/\/das.raumtuning.info\/?page_id=12","url_meta":{"origin":297,"position":0},"title":"\u00dcber uns","date":"12. Dezember 2013","format":false,"excerpt":"\u00a0Meine Vision Guten Tag. Mein Name ist Norbert Maurer und ich habe die Vision,\u00a0 jedem Musikliebhaber mit meinen Vortex HiFi-Podukten ein nat\u00fcrliches, lifeartiges Musikerlebnis zu verschaffen. Ich weiss, dass es m\u00f6glich ist - ich erlebe es jeden Tag! Schon vor ca. 30 Jahren habe ich selbst im HiFi - Gesch\u00e4ft\u2026","rel":"","context":"With 2 comments","img":{"alt_text":"Quelle: Vortex HiFi","src":"https:\/\/i0.wp.com\/das.raumtuning.info\/wp-content\/uploads\/2014\/02\/Gitarre_web.jpg?fit=1080%2C716&ssl=1&resize=350%2C200","width":350,"height":200},"classes":[]},{"id":230,"url":"https:\/\/das.raumtuning.info\/?page_id=230","url_meta":{"origin":297,"position":1},"title":"Dirty Power \/ Dirty Electricity","date":"29. Januar 2014","format":false,"excerpt":"Was ist Dirty Power oder auch Dirty Electricity? Unter Dirty Power verstehen wir St\u00f6rpotentiale auf den Stromleitungen und die daraus resultierenden Beeinflussungen. Besch\u00e4ftigen wir uns mit der Problematik, die im Wesentlichen auf Prof.\u00a0Dr. Magda Havas und David Stetzer zur\u00fcckzuf\u00fchren ist, m\u00fcssen wir zwei Aspekte unterscheiden: Zum einen geht es um\u2026","rel":"","context":"Similar post","img":{"alt_text":"","src":"https:\/\/i0.wp.com\/das.raumtuning.info\/wp-content\/uploads\/2014\/02\/Klavier_Seiten_web.jpg?fit=1080%2C498&ssl=1&resize=350%2C200","width":350,"height":200},"classes":[]},{"id":138,"url":"https:\/\/das.raumtuning.info\/?page_id=138","url_meta":{"origin":297,"position":2},"title":"Techniken","date":"28. Januar 2014","format":false,"excerpt":"Innovationen f\u00fcr die Sinne... ... lautet unsere Zielsetzung. Wir wollen, dass Sie besser h\u00f6ren und besser sehen. Das ist w\u00f6rtlich zu nehmen. Wir besch\u00e4ftigen uns mit dem Menschen und wie unsere heutige HiFi-Stereo und AV-Technik aber auch die h\u00e4usliche Umwelt den Menschen beim H\u00f6ren und Sehen unbemerkt und nebenbei negativ\u2026","rel":"","context":"Similar post","img":{"alt_text":"Quelle: Vortex HiFi","src":"https:\/\/i0.wp.com\/das.raumtuning.info\/wp-content\/uploads\/2014\/02\/Orgel-web.jpg?fit=1080%2C719&ssl=1&resize=350%2C200","width":350,"height":200},"classes":[]},{"id":281,"url":"https:\/\/das.raumtuning.info\/?page_id=281","url_meta":{"origin":297,"position":3},"title":"Entstressung","date":"30. Januar 2014","format":false,"excerpt":"Alle wollen stressfrei h\u00f6ren Im HiFi wird viel \u00fcber stressfreies H\u00f6ren philosophiert. Analoge Plattenspieler seien stressfrei, da diese nur analoge - also nat\u00fcrliche Verzerrungen bes\u00e4\u00dfen. R\u00f6hrenverst\u00e4rker w\u00fcrden stressfrei klingen, da diese bestimmte Wunder-Oberwellen erzeugen w\u00fcrden. Ein weiterer Kandidat, der als das ultimative Prinzip zum stressfreien H\u00f6ren gilt, ist der elektrostatische\u2026","rel":"","context":"Similar post","img":{"alt_text":"","src":"https:\/\/i0.wp.com\/das.raumtuning.info\/wp-content\/uploads\/2014\/01\/Tietel-Entstresung.jpg?fit=1080%2C540&ssl=1&resize=350%2C200","width":350,"height":200},"classes":[]},{"id":10,"url":"https:\/\/das.raumtuning.info\/","url_meta":{"origin":297,"position":4},"title":"Home","date":"12. Dezember 2013","format":false,"excerpt":"Musik h\u00f6ren war gestern... ... Musik empfinden ist heute! - Vortex HiFi \u00a0 \u00a0 \u00a0 \u00a0 Die Vortex HiFi Forschung stellt immer wieder die (HiFi)-Welt auf den Kopf. Technische Ger\u00e4te wie Handys, Laptops, Computer oder Router, die das Musikh\u00f6ren bisher stark verschlechtert haben, f\u00f6rdern nun den Klang durch neue Vortex\u2026","rel":"","context":"Similar post","img":{"alt_text":"","src":"https:\/\/i0.wp.com\/das.raumtuning.info\/wp-content\/uploads\/2014\/01\/Blut-in-nat\u00fcrlicher-Umwelt-rot2.png?resize=350%2C200","width":350,"height":200},"classes":[]},{"id":1690,"url":"https:\/\/das.raumtuning.info\/?page_id=1690","url_meta":{"origin":297,"position":5},"title":"Power Imagination","date":"9. Dezember 2014","format":false,"excerpt":"Herzlich willkommen in der Welt der kraftvollen Vorstellungskraft - die Vortex HiFi P.I. Technik. Die Power Imagination (P.I.) Technik von Vortex HiFi \u00fcberlagert den St\u00f6rfeldern einer Anlage oder des Raumes P.I.-Informationen. Diese Informationen\u00a0 haben das Ziel, St\u00f6rungen im kybernetischen Kommunikationssystem des menschlichen K\u00f6rper aufzul\u00f6sen. So ist eine ganzheitliche Musikempfindung wie\u2026","rel":"","context":"Similar post","img":{"alt_text":"","src":"https:\/\/i0.wp.com\/das.raumtuning.info\/wp-content\/uploads\/2014\/12\/Power-Imanigation.jpg?fit=1200%2C633&ssl=1&resize=350%2C200","width":350,"height":200},"classes":[]}],"_links":{"self":[{"href":"https:\/\/das.raumtuning.info\/index.php?rest_route=\/wp\/v2\/pages\/297","targetHints":{"allow":["GET"]}}],"collection":[{"href":"https:\/\/das.raumtuning.info\/index.php?rest_route=\/wp\/v2\/pages"}],"about":[{"href":"https:\/\/das.raumtuning.info\/index.php?rest_route=\/wp\/v2\/types\/page"}],"author":[{"embeddable":true,"href":"https:\/\/das.raumtuning.info\/index.php?rest_route=\/wp\/v2\/users\/1"}],"replies":[{"embeddable":true,"href":"https:\/\/das.raumtuning.info\/index.php?rest_route=%2Fwp%2Fv2%2Fcomments&post=297"}],"version-history":[{"count":14,"href":"https:\/\/das.raumtuning.info\/index.php?rest_route=\/wp\/v2\/pages\/297\/revisions"}],"predecessor-version":[{"id":989,"href":"https:\/\/das.raumtuning.info\/index.php?rest_route=\/wp\/v2\/pages\/297\/revisions\/989"}],"up":[{"embeddable":true,"href":"https:\/\/das.raumtuning.info\/index.php?rest_route=\/wp\/v2\/pages\/41"}],"wp:featuredmedia":[{"embeddable":true,"href":"https:\/\/das.raumtuning.info\/index.php?rest_route=\/wp\/v2\/media\/434"}],"wp:attachment":[{"href":"https:\/\/das.raumtuning.info\/index.php?rest_route=%2Fwp%2Fv2%2Fmedia&parent=297"}],"curies":[{"name":"wp","href":"https:\/\/api.w.org\/{rel}","templated":true}]}}