{"id":4832,"date":"2020-03-18T13:50:44","date_gmt":"2020-03-18T12:50:44","guid":{"rendered":"http:\/\/das.raumtuning.info\/?page_id=4832"},"modified":"2020-07-01T19:21:47","modified_gmt":"2020-07-01T17:21:47","slug":"vortex-hifi-hochfrequenz-optimizer-hfo","status":"publish","type":"page","link":"https:\/\/das.raumtuning.info\/?page_id=4832","title":{"rendered":"Bedienungsanleitung Vortex HiFi Hochfrequenz Optimizer (HFO)"},"content":{"rendered":"\n<figure class=\"wp-block-image size-large\"><img fetchpriority=\"high\" decoding=\"async\" width=\"640\" height=\"640\" data-attachment-id=\"4861\" data-permalink=\"https:\/\/das.raumtuning.info\/?attachment_id=4861\" data-orig-file=\"https:\/\/i0.wp.com\/das.raumtuning.info\/wp-content\/uploads\/2020\/03\/vortex-hifi-hfo-sigma-optimizer-set-varbild-29223.jpg?fit=1200%2C1200&amp;ssl=1\" data-orig-size=\"1200,1200\" data-comments-opened=\"1\" data-image-meta=\"{&quot;aperture&quot;:&quot;0&quot;,&quot;credit&quot;:&quot;&quot;,&quot;camera&quot;:&quot;&quot;,&quot;caption&quot;:&quot;&quot;,&quot;created_timestamp&quot;:&quot;0&quot;,&quot;copyright&quot;:&quot;&quot;,&quot;focal_length&quot;:&quot;0&quot;,&quot;iso&quot;:&quot;0&quot;,&quot;shutter_speed&quot;:&quot;0&quot;,&quot;title&quot;:&quot;&quot;,&quot;orientation&quot;:&quot;0&quot;}\" data-image-title=\"vortex-hifi-hfo-sigma-optimizer-set-varbild-29223\" data-image-description=\"\" data-image-caption=\"\" data-medium-file=\"https:\/\/i0.wp.com\/das.raumtuning.info\/wp-content\/uploads\/2020\/03\/vortex-hifi-hfo-sigma-optimizer-set-varbild-29223.jpg?fit=300%2C300&amp;ssl=1\" data-large-file=\"https:\/\/i0.wp.com\/das.raumtuning.info\/wp-content\/uploads\/2020\/03\/vortex-hifi-hfo-sigma-optimizer-set-varbild-29223.jpg?fit=640%2C640&amp;ssl=1\" src=\"https:\/\/i0.wp.com\/das.raumtuning.info\/wp-content\/uploads\/2020\/03\/vortex-hifi-hfo-sigma-optimizer-set-varbild-29223.jpg?resize=640%2C640\" alt=\"\" class=\"wp-image-4861\" srcset=\"https:\/\/i0.wp.com\/das.raumtuning.info\/wp-content\/uploads\/2020\/03\/vortex-hifi-hfo-sigma-optimizer-set-varbild-29223.jpg?resize=1024%2C1024&amp;ssl=1 1024w, https:\/\/i0.wp.com\/das.raumtuning.info\/wp-content\/uploads\/2020\/03\/vortex-hifi-hfo-sigma-optimizer-set-varbild-29223.jpg?resize=300%2C300&amp;ssl=1 300w, https:\/\/i0.wp.com\/das.raumtuning.info\/wp-content\/uploads\/2020\/03\/vortex-hifi-hfo-sigma-optimizer-set-varbild-29223.jpg?resize=150%2C150&amp;ssl=1 150w, https:\/\/i0.wp.com\/das.raumtuning.info\/wp-content\/uploads\/2020\/03\/vortex-hifi-hfo-sigma-optimizer-set-varbild-29223.jpg?resize=768%2C768&amp;ssl=1 768w, https:\/\/i0.wp.com\/das.raumtuning.info\/wp-content\/uploads\/2020\/03\/vortex-hifi-hfo-sigma-optimizer-set-varbild-29223.jpg?resize=144%2C144&amp;ssl=1 144w, https:\/\/i0.wp.com\/das.raumtuning.info\/wp-content\/uploads\/2020\/03\/vortex-hifi-hfo-sigma-optimizer-set-varbild-29223.jpg?resize=270%2C270&amp;ssl=1 270w, https:\/\/i0.wp.com\/das.raumtuning.info\/wp-content\/uploads\/2020\/03\/vortex-hifi-hfo-sigma-optimizer-set-varbild-29223.jpg?w=1200&amp;ssl=1 1200w\" sizes=\"(max-width: 640px) 100vw, 640px\" data-recalc-dims=\"1\" \/><figcaption>Vortex HiFi Hochfrequenz Optimiser Set Sigma (HFO-Sigma Set)<\/figcaption><\/figure>\n\n\n\n<h2 class=\"wp-block-heading\"><strong>Bedienungsanleitung <\/strong><\/h2>\n\n\n\n<h2 class=\"wp-block-heading\"><strong>Hochfrequenz Optimizer (HFO) Set<\/strong><\/h2>\n\n\n\n<p>Vielen\nDank f\u00fcr den Kauf des HFO -Sets. Die Bedienungsanleitung gilt f\u00fcr den HFO\n-Sigma, HFO-Diamant+ und dem HFO-PI+. Sie haben eines der innovativsten\nProdukte im Bereich Wellness und HiFi erworben.<\/p>\n\n\n\n<h4 class=\"wp-block-heading\"><strong>Ziel:\n<\/strong><\/h4>\n\n\n\n<p>Ziel\nder HFO- Sets ist es alle Frequenzen im Bereich DECT und WLAN bis 5,8 GHz\nwelche sich im Raum befinden so zu informieren, das der Organismus mit weniger Stress\nreagiert. Zus\u00e4tzlich informieren die Power Plugs der Sets die Stromleitung. Dies\nentst\u00f6rt und entstresst. &nbsp;Das Ergebnis ist\neine bessere Wahrnehmung aller Sinne und zu einem besseren Wohlbefinden im\nRaum. Bei einem Raum mit geopathogenen Zonen reduzieren die Power Plugs des\nHFO-Sigma Set mit seiner Oszillation Alignement (AO-Technik) Technik die\nnegative Wirkung auf den Menschen nachhaltig.<\/p>\n\n\n\n<h4 class=\"wp-block-heading\"><strong>Anwendung:<\/strong><\/h4>\n\n\n\n<p>Als\nerstes m\u00fcssen die Antennen auf den CUBE (Holzw\u00fcrfel) und die 4 Power Plugs\ngeschraubt werden. Dadurch kommen die Antennen in eine Perfekte Resonanz mit\nallen St\u00f6rfrequenzen, welche sich im Raum befinden. Dabei Strahlen die Antennen\ndie Frequenzen dann inclusive der Entst\u00f6r \u2013 und Entstressungsinformationen in\nden Raum und auf den Menschen. &nbsp;Die Power\nPlugs der Sets entst\u00f6ren mit ihren Informationen, Halbedelsteinen und\nEdelsteinen (je nach Set) das Stromnetz. Dies f\u00fchrt zus\u00e4tzlich zu einer\nmessbaren Reduzierung des Stresses im Raum. Beim HFO-Sigma Set f\u00fchrt die dort\naufgebrachte Oszillation Alignement (AO-Technik) Technik zur Entst\u00f6rung von geopathogenen\nZonen \u00fcber das Stromnetz.<\/p>\n\n\n\n<p><strong>A.CUBE:<\/strong> Der CUBE wird dabei so nah an dem H\u00f6rer platziert\nwie m\u00f6glich. Dabei spielt es keine Rolle wo die Antenne hinzeigt oder wie hoch\nder CUBE platziert wird. Entscheidend ist nur die N\u00e4he zum Zuh\u00f6rer.<\/p>\n\n\n\n<p><strong>Power\nPlugs:<\/strong>\nDie Antennen Power Plugs Werden in die Netzsteckdosen gesteckt. Dabei werden 2\nAntennen vor dem H\u00f6rer und 2 Antennen hinter dem H\u00f6rer platziert. Im Idealfall\nbefindet sich der H\u00f6rer dann in einem Viereck, welches durch die Antennen\ngebildet wird. Das Viereck kann sich auch \u00fcber mehrere R\u00e4ume erstrecken. <\/p>\n\n\n\n<p>Die\nAntennen m\u00fcssen sich also nicht in einem Raum mit dem H\u00f6rer befinden, mit\nAusnahme des CUBE\u00b4s. Das HFO-Set ist f\u00fcr eine Wohnung\/Raum bis ca. 100qm\nentwickelt worden. <\/p>\n\n\n\n<p>Befindet\nsich in einem H\u00f6rraum eine geopathoge Zone, so empfiehlt es sich alle Stromkreise\nin diesem Raum mit mindestens einem Power Plug des HFO-Sigmas zu versehen. Ein\nPower Plug des HFP-Sigma Sets ersetzt hier einen <strong><a href=\"https:\/\/das.raumtuning.info\/?page_id=4837\">Geo Path Optimizer<\/a>. <\/strong>&nbsp;K\u00f6nnen Sie nicht alle Phasen in einem Raum mit\ngeopathogenen Zonen mit einem Power Plug des HFO-Sigma Sets versehen so\nempfehlen wir einen <strong><a href=\"https:\/\/das.raumtuning.info\/?page_id=4837\">Geo\nPath Optimizer<\/a><\/strong> zus\u00e4tzlich einzusetzen.<\/p>\n\n\n\n<h4 class=\"wp-block-heading\"><strong>Pflege:<\/strong><\/h4>\n\n\n\n<p>Wir\nempfehlen den Kunststoff des Power Plugs der HFO\u00b4s P.I.+ und Diamant + mit\neinem nebelfeuchten Tuch regelm\u00e4\u00dfig abzuwischen und mit einem <a href=\"https:\/\/das.raumtuning.info\/?page_id=4413\">Iraser \u2013 Stab<\/a> oder einem\nEntmagnetisierer ca. alle 12 Monate zu \u201eentmagnetisieren\u201c. &nbsp;Siehe <a href=\"https:\/\/das.raumtuning.info\/?page_id=3943\">Klangpflege<\/a> auf der Vortex\nHiFi Website. Bei dem HFO Sigma Set ben\u00f6tigen Sie weder das Abwischen noch die\nBehandlung mit dem Iraser \u2013 Stab da das HFO \u2013 Sigma Set mit unserem <a href=\"https:\/\/das.raumtuning.info\/?page_id=4826\">Bienenwachsmittel<\/a> gegen\nstatische Ladungen behandelt wurde und die <a href=\"https:\/\/das.raumtuning.info\/?page_id=4413\">Iraser-Technik<\/a> schon\neingebaut ist.<\/p>\n\n\n\n<p><em>Bei\nFragen helfen Ihnen unsere H\u00e4ndler gern ein ganzheitliches Konzept bez\u00fcglich\neiner st\u00f6rungsfreien Umwelt f\u00fcr Sie zu entwickeln. <\/em><\/p>\n\n\n\n<p><strong>Die\nAdressen finden Sie unter <\/strong><a href=\"https:\/\/das.raumtuning.info\/?page_id=1831\"><strong>https:\/\/das.raumtuning.info\/?page_id=1831<\/strong><\/a><strong><\/strong><\/p>\n\n\n\n<p><strong>eMail:\n<\/strong><a href=\"mailto:info@vortexhifi.com\"><strong>info@vortexhifi.com<\/strong><\/a><strong><\/strong><\/p>\n\n\n\n<h2 class=\"wp-block-heading\">Videos zum Thema HFO Set<\/h2>\n\n\n\n<figure class=\"wp-block-embed-youtube wp-block-embed is-type-video is-provider-youtube wp-embed-aspect-16-9 wp-has-aspect-ratio\"><div class=\"wp-block-embed__wrapper\">\n<span class=\"embed-youtube\" style=\"text-align:center; display: block;\"><iframe class=\"youtube-player\" width=\"640\" height=\"360\" src=\"https:\/\/www.youtube.com\/embed\/PX1UpLikXxs?version=3&#038;rel=1&#038;showsearch=0&#038;showinfo=1&#038;iv_load_policy=1&#038;fs=1&#038;hl=de-DE&#038;autohide=2&#038;wmode=transparent\" allowfullscreen=\"true\" style=\"border:0;\" sandbox=\"allow-scripts allow-same-origin allow-popups allow-presentation\"><\/iframe><\/span>\n<\/div><\/figure>\n\n\n\n<figure class=\"wp-block-embed-youtube wp-block-embed is-type-video is-provider-youtube wp-embed-aspect-16-9 wp-has-aspect-ratio\"><div class=\"wp-block-embed__wrapper\">\n<span class=\"embed-youtube\" style=\"text-align:center; display: block;\"><iframe class=\"youtube-player\" width=\"640\" height=\"360\" src=\"https:\/\/www.youtube.com\/embed\/lhq6uzfnYnA?version=3&#038;rel=1&#038;showsearch=0&#038;showinfo=1&#038;iv_load_policy=1&#038;fs=1&#038;hl=de-DE&#038;autohide=2&#038;wmode=transparent\" allowfullscreen=\"true\" style=\"border:0;\" sandbox=\"allow-scripts allow-same-origin allow-popups allow-presentation\"><\/iframe><\/span>\n<\/div><figcaption>Kraft- und Koordinationstest HFO-Optimiser Set Sigma<\/figcaption><\/figure>\n\n\n\n<figure class=\"wp-block-embed-youtube wp-block-embed is-type-video is-provider-youtube wp-embed-aspect-16-9 wp-has-aspect-ratio\"><div class=\"wp-block-embed__wrapper\">\n<span class=\"embed-youtube\" style=\"text-align:center; display: block;\"><iframe class=\"youtube-player\" width=\"640\" height=\"360\" src=\"https:\/\/www.youtube.com\/embed\/Y6I8lKu7RYA?version=3&#038;rel=1&#038;showsearch=0&#038;showinfo=1&#038;iv_load_policy=1&#038;fs=1&#038;hl=de-DE&#038;autohide=2&#038;wmode=transparent\" allowfullscreen=\"true\" style=\"border:0;\" sandbox=\"allow-scripts allow-same-origin allow-popups allow-presentation\"><\/iframe><\/span>\n<\/div><\/figure>\n","protected":false},"excerpt":{"rendered":"<p>Bedienungsanleitung Hochfrequenz Optimizer (HFO) Set Vielen Dank f\u00fcr den Kauf des HFO -Sets. Die Bedienungsanleitung gilt f\u00fcr den HFO -Sigma, HFO-Diamant+ und dem HFO-PI+. Sie haben eines der innovativsten Produkte im Bereich Wellness und HiFi erworben. Ziel: Ziel der HFO- Sets ist es alle Frequenzen im Bereich DECT und WLAN bis 5,8 GHz welche sich im Raum befinden so zu informieren, das der Organismus mit weniger Stress reagiert. Zus\u00e4tzlich informieren die Power Plugs der Sets die Stromleitung. Dies entst\u00f6rt und&#8230;<\/p>\n<p class=\"read-more\"><a class=\"btn btn-default\" href=\"https:\/\/das.raumtuning.info\/?page_id=4832\">Weiterlesen<span class=\"screen-reader-text\"> Weiterlesen<\/span><\/a><\/p>\n","protected":false},"author":1,"featured_media":0,"parent":0,"menu_order":0,"comment_status":"closed","ping_status":"closed","template":"","meta":{"jetpack_post_was_ever_published":false,"footnotes":""},"class_list":["post-4832","page","type-page","status-publish","hentry"],"aioseo_notices":[],"jetpack_sharing_enabled":true,"jetpack_shortlink":"https:\/\/wp.me\/P4hjs0-1fW","jetpack-related-posts":[{"id":4480,"url":"https:\/\/das.raumtuning.info\/?page_id=4480","url_meta":{"origin":4832,"position":0},"title":"Produktvideos \/ Anleitungen","date":"6. M\u00e4rz 2019","format":false,"excerpt":"Infovideos zum Thema Blut und Oszillation Alignement Eines der zentralen Probleme - wenn nicht das zentrale Problem \u2013 in Verbindung mit elektromagnetischen Wellen und Feldern, welche auf den Menschen wirken, ist das diese die roten Blutk\u00f6rper verkleben und so das Blut dickfl\u00fcssigen machen. Dies hat nicht nur f\u00fcr das H\u00f6ren\u2026","rel":"","context":"Similar post","img":{"alt_text":"","src":"https:\/\/i0.wp.com\/das.raumtuning.info\/wp-content\/uploads\/2020\/04\/Bildschirmfoto-2020-04-29-um-10.52.13.png?fit=1200%2C672&ssl=1&resize=350%2C200","width":350,"height":200},"classes":[]},{"id":7201,"url":"https:\/\/das.raumtuning.info\/?page_id=7201","url_meta":{"origin":4832,"position":1},"title":"HFO Plugs Sigma","date":"10. Januar 2024","format":false,"excerpt":"HFO Power Plug SigmaHFO Cinch Plug Sigma https:\/\/youtu.be\/AXdABFw6BNsDer Text ist in Bearbeitung.","rel":"","context":"Similar post","img":{"alt_text":"","src":"","width":0,"height":0},"classes":[]},{"id":7343,"url":"https:\/\/das.raumtuning.info\/?page_id=7343","url_meta":{"origin":4832,"position":2},"title":"Marie erkl\u00e4rt die Bedienung","date":"24. Januar 2024","format":false,"excerpt":"https:\/\/youtu.be\/zcR0A9hJC-g Die Anwendung der HFO Plugs Sigma Das erste Video besch\u00e4ftigt sich mit der Bedienung unserer neuesten Produktfamilie, der HFO Plugs Sigma.\u00a0Unser Avatar Marie beschreibt Warum HF ein Problem beim Musikh\u00f6ren ist, und wie Sie das Problem mit den neuen Hochfrequenz Optimizern bei sich l\u00f6sen k\u00f6nnen.https:\/\/youtu.be\/PTXgOUnaJtM Anwendung der neuen Power\u2026","rel":"","context":"Similar post","img":{"alt_text":"","src":"https:\/\/i0.wp.com\/img.youtube.com\/vi\/zcR0A9hJC-g\/0.jpg?resize=350%2C200","width":350,"height":200},"classes":[]},{"id":9101,"url":"https:\/\/das.raumtuning.info\/?page_id=9101","url_meta":{"origin":4832,"position":3},"title":"Cable Optimizer Sigma","date":"25. Juli 2025","format":false,"excerpt":"Bedienungsanleitung Vortex HiFi Cable Optimizer Sigma Aufgrund der Form und l\u00e4nge ist der Cable Optimizer das beste Entst\u00f6rmittel f\u00fcr Kabel \u00fcberhaupt. Befestigen Sie den Cable Optimizer Sigma mit den beiden beiliegenden Klett-Kabelbindern an Ihrem Kabel. Sie k\u00f6nnen einen oder mehrere Cable Optimizer Sigma an einem Kabel verwenden. Allgemein Wenn Sie\u2026","rel":"","context":"Similar post","img":{"alt_text":"","src":"https:\/\/i0.wp.com\/das.raumtuning.info\/wp-content\/uploads\/2025\/07\/Cable-Optimizer-Sigma-e1753434768386.jpg?resize=350%2C200","width":350,"height":200},"classes":[]},{"id":10,"url":"https:\/\/das.raumtuning.info\/","url_meta":{"origin":4832,"position":4},"title":"Home","date":"12. Dezember 2013","format":false,"excerpt":"Musik h\u00f6ren war gestern... ... Musik empfinden ist heute! - Vortex HiFi \u00a0 \u00a0 \u00a0 \u00a0 Die Vortex HiFi Forschung stellt immer wieder die (HiFi)-Welt auf den Kopf. Technische Ger\u00e4te wie Handys, Laptops, Computer oder Router, die das Musikh\u00f6ren bisher stark verschlechtert haben, f\u00f6rdern nun den Klang durch neue Vortex\u2026","rel":"","context":"Similar post","img":{"alt_text":"","src":"https:\/\/i0.wp.com\/das.raumtuning.info\/wp-content\/uploads\/2014\/01\/Blut-in-nat\u00fcrlicher-Umwelt-rot2.png?resize=350%2C200","width":350,"height":200},"classes":[]},{"id":4837,"url":"https:\/\/das.raumtuning.info\/?page_id=4837","url_meta":{"origin":4832,"position":5},"title":"Bedienungsanleitung Vortex HiFi Geo Path Optimizer (GPO)","date":"20. M\u00e4rz 2020","format":false,"excerpt":"https:\/\/youtu.be\/nZayZCzOfwM https:\/\/youtu.be\/swypL_V4HeE https:\/\/youtu.be\/S1rUYQ3MtFY Gebrauchsanleitung GeoPath 2 Optimizer und GeoPath 3 Optimizer Herzlichen Gl\u00fcckwunsch zum Erwerb des GeoPath Optimizer. Lesen Sie Gebrauchsanleitung bevor Sie den GeoPath Optimizer einsetzten. Der GeoPath Optimizer ist ein extrem leistungsf\u00e4higes Entst\u00f6rmittel f\u00fcr den Einsatz auf Stromleitungen. Der GeoPath ist entwickelt worden, um den extrem negativen Einfluss\u2026","rel":"","context":"Similar post","img":{"alt_text":"","src":"https:\/\/i0.wp.com\/das.raumtuning.info\/wp-content\/uploads\/2020\/06\/Blutvergleich-Geophatogene-Zone-scaled.jpg?fit=1200%2C450&ssl=1&resize=350%2C200","width":350,"height":200},"classes":[]}],"_links":{"self":[{"href":"https:\/\/das.raumtuning.info\/index.php?rest_route=\/wp\/v2\/pages\/4832","targetHints":{"allow":["GET"]}}],"collection":[{"href":"https:\/\/das.raumtuning.info\/index.php?rest_route=\/wp\/v2\/pages"}],"about":[{"href":"https:\/\/das.raumtuning.info\/index.php?rest_route=\/wp\/v2\/types\/page"}],"author":[{"embeddable":true,"href":"https:\/\/das.raumtuning.info\/index.php?rest_route=\/wp\/v2\/users\/1"}],"replies":[{"embeddable":true,"href":"https:\/\/das.raumtuning.info\/index.php?rest_route=%2Fwp%2Fv2%2Fcomments&post=4832"}],"version-history":[{"count":4,"href":"https:\/\/das.raumtuning.info\/index.php?rest_route=\/wp\/v2\/pages\/4832\/revisions"}],"predecessor-version":[{"id":5138,"href":"https:\/\/das.raumtuning.info\/index.php?rest_route=\/wp\/v2\/pages\/4832\/revisions\/5138"}],"wp:attachment":[{"href":"https:\/\/das.raumtuning.info\/index.php?rest_route=%2Fwp%2Fv2%2Fmedia&parent=4832"}],"curies":[{"name":"wp","href":"https:\/\/api.w.org\/{rel}","templated":true}]}}