{"id":5169,"date":"2020-08-04T19:30:46","date_gmt":"2020-08-04T17:30:46","guid":{"rendered":"http:\/\/das.raumtuning.info\/?page_id=5169"},"modified":"2020-08-04T19:30:48","modified_gmt":"2020-08-04T17:30:48","slug":"anleitung-power-optimizer","status":"publish","type":"page","link":"https:\/\/das.raumtuning.info\/?page_id=5169","title":{"rendered":"Anleitung: Power Optimizer"},"content":{"rendered":"\n<figure class=\"wp-block-embed-youtube wp-block-embed is-type-video is-provider-youtube wp-embed-aspect-16-9 wp-has-aspect-ratio\"><div class=\"wp-block-embed__wrapper\">\n<span class=\"embed-youtube\" style=\"text-align:center; display: block;\"><iframe class=\"youtube-player\" width=\"640\" height=\"360\" src=\"https:\/\/www.youtube.com\/embed\/9Inn1j0vB88?version=3&#038;rel=1&#038;showsearch=0&#038;showinfo=1&#038;iv_load_policy=1&#038;fs=1&#038;hl=de-DE&#038;autohide=2&#038;wmode=transparent\" allowfullscreen=\"true\" style=\"border:0;\" sandbox=\"allow-scripts allow-same-origin allow-popups allow-presentation\"><\/iframe><\/span>\n<\/div><\/figure>\n\n\n<div class=\"su-document su-u-responsive-media-no\"><iframe src=\"\/\/docs.google.com\/viewer?embedded=true&url=http:\/\/das.raumtuning.info\/wp-content\/uploads\/2017\/12\/Vortex-HiFi-BOB-Filter-Bedienungsanleitung.pdf\" width=\"720\" height=\"900\" class=\"su-document\" title=\"\"><\/iframe><\/div>\n\n\n<div class=\"su-document su-u-responsive-media-no\"><iframe src=\"\/\/docs.google.com\/viewer?embedded=true&url=http:\/\/das.raumtuning.info\/wp-content\/uploads\/2017\/08\/H\u00f6rerlebnis-Vortex-Hifi-Power-Optimizer-Internet-08082017_1105-reduziert.pdf\" width=\"720\" height=\"960\" class=\"su-document\" title=\"\"><\/iframe><\/div>\n\n\n<div class=\"su-document su-u-responsive-media-no\"><iframe src=\"\/\/docs.google.com\/viewer?embedded=true&url=http:\/\/das.raumtuning.info\/wp-content\/uploads\/2014\/01\/Audiophil-Online-Sonderdruck-VORTEX-HIFI-BAB-Filter-web.pdf\" width=\"720\" height=\"960\" class=\"su-document\" title=\"\"><\/iframe><\/div>\n\n\n\n<figure class=\"wp-block-embed-youtube wp-block-embed is-type-video is-provider-youtube wp-embed-aspect-16-9 wp-has-aspect-ratio\"><div class=\"wp-block-embed__wrapper\">\n<span class=\"embed-youtube\" style=\"text-align:center; display: block;\"><iframe class=\"youtube-player\" width=\"640\" height=\"360\" src=\"https:\/\/www.youtube.com\/embed\/jt784I-4Pys?version=3&#038;rel=1&#038;showsearch=0&#038;showinfo=1&#038;iv_load_policy=1&#038;fs=1&#038;hl=de-DE&#038;autohide=2&#038;wmode=transparent\" allowfullscreen=\"true\" style=\"border:0;\" sandbox=\"allow-scripts allow-same-origin allow-popups allow-presentation\"><\/iframe><\/span>\n<\/div><\/figure>\n","protected":false},"excerpt":{"rendered":"","protected":false},"author":1,"featured_media":3392,"parent":0,"menu_order":0,"comment_status":"closed","ping_status":"closed","template":"","meta":{"jetpack_post_was_ever_published":false,"footnotes":""},"class_list":["post-5169","page","type-page","status-publish","has-post-thumbnail","hentry"],"aioseo_notices":[],"jetpack_sharing_enabled":true,"jetpack_shortlink":"https:\/\/wp.me\/P4hjs0-1ln","jetpack-related-posts":[{"id":5182,"url":"https:\/\/das.raumtuning.info\/?page_id=5182","url_meta":{"origin":5169,"position":0},"title":"Anleitung: Vibration Naturalizer Ger\u00e4tef\u00fcsse","date":"4. August 2020","format":false,"excerpt":"https:\/\/youtu.be\/4CA8W_5tvSk","rel":"","context":"Similar post","img":{"alt_text":"","src":"https:\/\/i0.wp.com\/das.raumtuning.info\/wp-content\/uploads\/2018\/01\/Alle-F\u00fc\u00dfe-Schwarz-Hintergrund-unscharf-1.jpg?fit=1200%2C675&ssl=1&resize=350%2C200","width":350,"height":200},"classes":[]},{"id":5102,"url":"https:\/\/das.raumtuning.info\/?page_id=5102","url_meta":{"origin":5169,"position":1},"title":"Probleml\u00f6sungsmatrix","date":"19. Mai 2020","format":false,"excerpt":"Einfache Probleml\u00f6sungsmatrix, ohne Bewertung Die einfache Probleml\u00f6sungsmatrix zeigt vertikal (linke Spalten) die Probleme, auf die wir l\u00f6sen k\u00f6nnen. Den jeweiligen Bereichen wie HF-Strahlung, NF-Strahlung, Elektrostatik oder geopathogene Zonen ist je ein Video (Einf\u00fchrung in energetisches HiFi Zubeh\u00f6r) verlinkt, in dem Norbert Maurer und Ed Doggen das Problem und die L\u00f6sungen\u2026","rel":"","context":"Similar post","img":{"alt_text":"","src":"","width":0,"height":0},"classes":[]},{"id":3145,"url":"https:\/\/das.raumtuning.info\/?page_id=3145","url_meta":{"origin":5169,"position":2},"title":"Produktgruppen","date":"19. Dezember 2017","format":false,"excerpt":"Vortex HiFi Zubeh\u00f6r besteht aus 8 Produktgruppen in denen 8 unterschiedliche Vortex HiFi Basistechnologien eingesetzt werden. Im Magazin f\u00fcr High Fidelity - H\u00f6rerlebnis - wurde ein Querschnitt unserer Produkte getestet und kommt zu dem Fazit: \"Was Norbert Maurer mit der j\u00fcngsten Vortex Hifi-Technik anbietet, ist in seiner Wirkung in Relation\u2026","rel":"","context":"Similar post","img":{"alt_text":"","src":"https:\/\/i0.wp.com\/das.raumtuning.info\/wp-content\/uploads\/2014\/01\/Produkt\u00fcbersicht-mit-Logo.jpg?fit=1200%2C760&ssl=1&resize=350%2C200","width":350,"height":200},"classes":[]},{"id":39,"url":"https:\/\/das.raumtuning.info\/?page_id=39","url_meta":{"origin":5169,"position":3},"title":"Produkte","date":"13. Januar 2014","format":false,"excerpt":"Vortex HiFi Zubeh\u00f6r besteht aus 12 Produktgruppen in denen viele unterschiedliche Vortex HiFi Basistechnologien eingesetzt werden. Dabei stellen einige der Technologien heutige Regeln , auch der Baubiologie und der Umweltmedizin auf den Kopf. So zum Beispiel unserre Oszillation Alignement Technik welche hilft die roten Blutk\u00f6rper trotz HF und NF -\u2026","rel":"","context":"Similar post","img":{"alt_text":"","src":"https:\/\/i0.wp.com\/img.youtube.com\/vi\/sFro5vo_Rfs\/0.jpg?resize=350%2C200","width":350,"height":200},"classes":[]},{"id":5950,"url":"https:\/\/das.raumtuning.info\/?page_id=5950","url_meta":{"origin":5169,"position":4},"title":"Vortex HiFi Power Cap Sigma erkl\u00e4rt","date":"13. Oktober 2021","format":false,"excerpt":"Hier entsteht in K\u00fcrze eine Erkl\u00e4rung des Power Cap Sigma \u00a0 Power Cap Sigma mit Oszillation Alignement \u00a0 \u00a0 Hier entsteht eine Erkl\u00e4rung des Power Cap Sigma","rel":"","context":"Similar post","img":{"alt_text":"","src":"https:\/\/i0.wp.com\/das.raumtuning.info\/wp-content\/uploads\/2016\/11\/Power-Caps-10-St\u00fcck.jpg?fit=1200%2C908&ssl=1&resize=350%2C200","width":350,"height":200},"classes":[]},{"id":4826,"url":"https:\/\/das.raumtuning.info\/?page_id=4826","url_meta":{"origin":5169,"position":5},"title":"Vortex HiFi Surface Optimizer 50 ml","date":"18. M\u00e4rz 2020","format":false,"excerpt":"Antistatikmittel mit Bienenwachs Schonende, saubere Pflege und Antistatik Behandlung f\u00fcr Ihre Lautsprecher, CD\u00b4s, Kabel und alle HiFi-Komponenten sowie Zubeh\u00f6rprodukte aus Kunststoff.f\u00fcr viele Oberfl\u00e4chen wie Holz, Metall, Stein, glattes Leder sowie Kunststoff geeignet.Ganz ohne L\u00f6sungsmittelkeine Silikonesch\u00fctzt vor Wiederanschmutzung und statischer Aufladung Vortex HiFi Surface Optimizer nutzt alle nat\u00fcrlichen Wirkungsstoffe von Bienenwachs\u2026","rel":"","context":"Similar post","img":{"alt_text":"","src":"https:\/\/i0.wp.com\/das.raumtuning.info\/wp-content\/uploads\/2020\/03\/vortex-hifi-surface-optimizer-statische-aufladung-nachhaltig-mindern-varbild-29314.jpeg?fit=1200%2C1200&ssl=1&resize=350%2C200","width":350,"height":200},"classes":[]}],"_links":{"self":[{"href":"https:\/\/das.raumtuning.info\/index.php?rest_route=\/wp\/v2\/pages\/5169","targetHints":{"allow":["GET"]}}],"collection":[{"href":"https:\/\/das.raumtuning.info\/index.php?rest_route=\/wp\/v2\/pages"}],"about":[{"href":"https:\/\/das.raumtuning.info\/index.php?rest_route=\/wp\/v2\/types\/page"}],"author":[{"embeddable":true,"href":"https:\/\/das.raumtuning.info\/index.php?rest_route=\/wp\/v2\/users\/1"}],"replies":[{"embeddable":true,"href":"https:\/\/das.raumtuning.info\/index.php?rest_route=%2Fwp%2Fv2%2Fcomments&post=5169"}],"version-history":[{"count":11,"href":"https:\/\/das.raumtuning.info\/index.php?rest_route=\/wp\/v2\/pages\/5169\/revisions"}],"predecessor-version":[{"id":5180,"href":"https:\/\/das.raumtuning.info\/index.php?rest_route=\/wp\/v2\/pages\/5169\/revisions\/5180"}],"wp:featuredmedia":[{"embeddable":true,"href":"https:\/\/das.raumtuning.info\/index.php?rest_route=\/wp\/v2\/media\/3392"}],"wp:attachment":[{"href":"https:\/\/das.raumtuning.info\/index.php?rest_route=%2Fwp%2Fv2%2Fmedia&parent=5169"}],"curies":[{"name":"wp","href":"https:\/\/api.w.org\/{rel}","templated":true}]}}