{"id":5182,"date":"2020-08-04T19:54:24","date_gmt":"2020-08-04T17:54:24","guid":{"rendered":"http:\/\/das.raumtuning.info\/?page_id=5182"},"modified":"2020-08-04T19:54:26","modified_gmt":"2020-08-04T17:54:26","slug":"anleitung-vibration-naturalizer-geraetefuesse","status":"publish","type":"page","link":"https:\/\/das.raumtuning.info\/?page_id=5182","title":{"rendered":"Anleitung: Vibration Naturalizer Ger\u00e4tef\u00fcsse"},"content":{"rendered":"\n<figure class=\"wp-block-embed-youtube wp-block-embed is-type-video is-provider-youtube wp-embed-aspect-16-9 wp-has-aspect-ratio\"><div class=\"wp-block-embed__wrapper\">\n<span class=\"embed-youtube\" style=\"text-align:center; display: block;\"><iframe class=\"youtube-player\" width=\"640\" height=\"360\" src=\"https:\/\/www.youtube.com\/embed\/4CA8W_5tvSk?version=3&#038;rel=1&#038;showsearch=0&#038;showinfo=1&#038;iv_load_policy=1&#038;fs=1&#038;hl=de-DE&#038;autohide=2&#038;wmode=transparent\" allowfullscreen=\"true\" style=\"border:0;\" sandbox=\"allow-scripts allow-same-origin allow-popups allow-presentation\"><\/iframe><\/span>\n<\/div><\/figure>\n\n\n<div class=\"su-document su-u-responsive-media-no\"><iframe src=\"\/\/docs.google.com\/viewer?embedded=true&url=http:\/\/das.raumtuning.info\/wp-content\/uploads\/2019\/06\/Ho\u0308rerlebnis-Vortex-Hifi-Gera\u0308tefu\u0308\u00dfe-Web.pdf\" width=\"720\" height=\"960\" class=\"su-document\" title=\"\"><\/iframe><\/div>\n","protected":false},"excerpt":{"rendered":"","protected":false},"author":1,"featured_media":3300,"parent":0,"menu_order":0,"comment_status":"closed","ping_status":"closed","template":"","meta":{"jetpack_post_was_ever_published":false,"footnotes":""},"class_list":["post-5182","page","type-page","status-publish","has-post-thumbnail","hentry"],"aioseo_notices":[],"jetpack_sharing_enabled":true,"jetpack_shortlink":"https:\/\/wp.me\/P4hjs0-1lA","jetpack-related-posts":[{"id":3210,"url":"https:\/\/das.raumtuning.info\/?page_id=3210","url_meta":{"origin":5182,"position":0},"title":"Ger\u00e4tef\u00fc\u00dfe","date":"24. Januar 2018","format":false,"excerpt":"Das kleine Video aus der short and simple Reihe erkl\u00e4rt die F\u00fc\u00dfe und zeigt die Anwendung. https:\/\/youtu.be\/4CA8W_5tvSk Ein echter Musikprofi wie der Metallblasinstrumentenbauer und Diplom Musiker Thomas Kr\u00fcger vom - Das andere HiFi-Studio - schreibt \u00fcber seine 1. Begegnung mit den Vortex HiFi F\u00fc\u00dfen: \"Hallo Herr Maurer, habe gerade F\u00fc\u00dfe\u2026","rel":"","context":"Similar post","img":{"alt_text":"","src":"https:\/\/i0.wp.com\/das.raumtuning.info\/wp-content\/uploads\/2018\/01\/Alle-F\u00fc\u00dfe-Natur-Hintergrund-unscharf-zoom.jpg?fit=1200%2C675&ssl=1&resize=350%2C200","width":350,"height":200},"classes":[]},{"id":3145,"url":"https:\/\/das.raumtuning.info\/?page_id=3145","url_meta":{"origin":5182,"position":1},"title":"Produktgruppen","date":"19. Dezember 2017","format":false,"excerpt":"Vortex HiFi Zubeh\u00f6r besteht aus 8 Produktgruppen in denen 8 unterschiedliche Vortex HiFi Basistechnologien eingesetzt werden. Im Magazin f\u00fcr High Fidelity - H\u00f6rerlebnis - wurde ein Querschnitt unserer Produkte getestet und kommt zu dem Fazit: \"Was Norbert Maurer mit der j\u00fcngsten Vortex Hifi-Technik anbietet, ist in seiner Wirkung in Relation\u2026","rel":"","context":"Similar post","img":{"alt_text":"","src":"https:\/\/i0.wp.com\/das.raumtuning.info\/wp-content\/uploads\/2014\/01\/Produkt\u00fcbersicht-mit-Logo.jpg?fit=1200%2C760&ssl=1&resize=350%2C200","width":350,"height":200},"classes":[]},{"id":39,"url":"https:\/\/das.raumtuning.info\/?page_id=39","url_meta":{"origin":5182,"position":2},"title":"Produkte","date":"13. Januar 2014","format":false,"excerpt":"Vortex HiFi Zubeh\u00f6r besteht aus 12 Produktgruppen in denen viele unterschiedliche Vortex HiFi Basistechnologien eingesetzt werden. Dabei stellen einige der Technologien heutige Regeln , auch der Baubiologie und der Umweltmedizin auf den Kopf. So zum Beispiel unserre Oszillation Alignement Technik welche hilft die roten Blutk\u00f6rper trotz HF und NF -\u2026","rel":"","context":"Similar post","img":{"alt_text":"","src":"https:\/\/i0.wp.com\/img.youtube.com\/vi\/sFro5vo_Rfs\/0.jpg?resize=350%2C200","width":350,"height":200},"classes":[]},{"id":4480,"url":"https:\/\/das.raumtuning.info\/?page_id=4480","url_meta":{"origin":5182,"position":3},"title":"Produktvideos \/ Anleitungen","date":"6. M\u00e4rz 2019","format":false,"excerpt":"Infovideos zum Thema Blut und Oszillation Alignement Eines der zentralen Probleme - wenn nicht das zentrale Problem \u2013 in Verbindung mit elektromagnetischen Wellen und Feldern, welche auf den Menschen wirken, ist das diese die roten Blutk\u00f6rper verkleben und so das Blut dickfl\u00fcssigen machen. Dies hat nicht nur f\u00fcr das H\u00f6ren\u2026","rel":"","context":"Similar post","img":{"alt_text":"","src":"https:\/\/i0.wp.com\/das.raumtuning.info\/wp-content\/uploads\/2020\/04\/Bildschirmfoto-2020-04-29-um-10.52.13.png?fit=1200%2C672&ssl=1&resize=350%2C200","width":350,"height":200},"classes":[]},{"id":4826,"url":"https:\/\/das.raumtuning.info\/?page_id=4826","url_meta":{"origin":5182,"position":4},"title":"Vortex HiFi Surface Optimizer 50 ml","date":"18. M\u00e4rz 2020","format":false,"excerpt":"Antistatikmittel mit Bienenwachs Schonende, saubere Pflege und Antistatik Behandlung f\u00fcr Ihre Lautsprecher, CD\u00b4s, Kabel und alle HiFi-Komponenten sowie Zubeh\u00f6rprodukte aus Kunststoff.f\u00fcr viele Oberfl\u00e4chen wie Holz, Metall, Stein, glattes Leder sowie Kunststoff geeignet.Ganz ohne L\u00f6sungsmittelkeine Silikonesch\u00fctzt vor Wiederanschmutzung und statischer Aufladung Vortex HiFi Surface Optimizer nutzt alle nat\u00fcrlichen Wirkungsstoffe von Bienenwachs\u2026","rel":"","context":"Similar post","img":{"alt_text":"","src":"https:\/\/i0.wp.com\/das.raumtuning.info\/wp-content\/uploads\/2020\/03\/vortex-hifi-surface-optimizer-statische-aufladung-nachhaltig-mindern-varbild-29314.jpeg?fit=1200%2C1200&ssl=1&resize=350%2C200","width":350,"height":200},"classes":[]},{"id":1571,"url":"https:\/\/das.raumtuning.info\/?page_id=1571","url_meta":{"origin":5182,"position":5},"title":"Presse\/Kundenmeinungen","date":"18. Oktober 2014","format":false,"excerpt":"Vortex HiFi denkt anders. Wir haben andere Erkenntnisse \u00fcber das H\u00f6ren von Musik. Wir haben daher andere Ziele. Wir haben andere Techniken welche eben echte Innovationen sind. Wir haben so auch andere Produkte mit denen man erst lernen mu\u00df umzugehen. Vielen aus der Branche macht das Angst, da Sie sich\u2026","rel":"","context":"Similar post","img":{"alt_text":"","src":"https:\/\/i0.wp.com\/das.raumtuning.info\/wp-content\/uploads\/2014\/10\/Vortex-HiFi-Energetisches-Zubeh\u00f6r-logo.jpg?fit=1080%2C405&ssl=1&resize=350%2C200","width":350,"height":200},"classes":[]}],"_links":{"self":[{"href":"https:\/\/das.raumtuning.info\/index.php?rest_route=\/wp\/v2\/pages\/5182","targetHints":{"allow":["GET"]}}],"collection":[{"href":"https:\/\/das.raumtuning.info\/index.php?rest_route=\/wp\/v2\/pages"}],"about":[{"href":"https:\/\/das.raumtuning.info\/index.php?rest_route=\/wp\/v2\/types\/page"}],"author":[{"embeddable":true,"href":"https:\/\/das.raumtuning.info\/index.php?rest_route=\/wp\/v2\/users\/1"}],"replies":[{"embeddable":true,"href":"https:\/\/das.raumtuning.info\/index.php?rest_route=%2Fwp%2Fv2%2Fcomments&post=5182"}],"version-history":[{"count":2,"href":"https:\/\/das.raumtuning.info\/index.php?rest_route=\/wp\/v2\/pages\/5182\/revisions"}],"predecessor-version":[{"id":5184,"href":"https:\/\/das.raumtuning.info\/index.php?rest_route=\/wp\/v2\/pages\/5182\/revisions\/5184"}],"wp:featuredmedia":[{"embeddable":true,"href":"https:\/\/das.raumtuning.info\/index.php?rest_route=\/wp\/v2\/media\/3300"}],"wp:attachment":[{"href":"https:\/\/das.raumtuning.info\/index.php?rest_route=%2Fwp%2Fv2%2Fmedia&parent=5182"}],"curies":[{"name":"wp","href":"https:\/\/api.w.org\/{rel}","templated":true}]}}