{"id":9101,"date":"2025-07-25T10:49:13","date_gmt":"2025-07-25T08:49:13","guid":{"rendered":"https:\/\/das.raumtuning.info\/?page_id=9101"},"modified":"2025-07-25T11:45:30","modified_gmt":"2025-07-25T09:45:30","slug":"cable-optimizer-sigma","status":"publish","type":"page","link":"https:\/\/das.raumtuning.info\/?page_id=9101","title":{"rendered":"Cable Optimizer Sigma"},"content":{"rendered":"<h1>Bedienungsanleitung Vortex HiFi Cable Optimizer Sigma<\/h1>\n<p>Aufgrund der Form und l\u00e4nge ist der Cable Optimizer das beste Entst\u00f6rmittel f\u00fcr Kabel \u00fcberhaupt. Befestigen Sie den Cable Optimizer Sigma mit den beiden beiliegenden Klett-Kabelbindern an Ihrem Kabel. Sie k\u00f6nnen einen oder mehrere Cable Optimizer Sigma an einem Kabel verwenden.<\/p>\n<h2>Allgemein<\/h2>\n<p>Wenn Sie einen Cable Optimizer verwenden, positionieren Sie dieses direkt in der Mitte des Kabels. Bei 3 Cable Optimizern positioniert Sie den 2. und den 3,. Cable Optimizer jeweils zwischen dem mittleren Cable Optimizer und dem jeweiligen Ende des Kabels. machmal strahlen die Stecker an den Enden der Kabel besonders Stark. um die biologischen und damit klanglichen Auswirkungen dieses Problems zu reduzieren k\u00f6nnen Sie den 2. und den 3. Cable Optimizer am ende des Kabels anbringen. Eine deutlich preiswertere L\u00f6sung f\u00fcr das Steckerproblem ist es allerdings jeweils eine 30\u00e9r Ronde Sigma auf den Stecker direkt zu befestigen.<\/p>\n<h2>Lautsprecherkabel<\/h2>\n<p>Bei einem Lautsprecherkabel wird der Cable Optimizer Sigma in der Mitte des Kabels mittels der beiden Klett-Kabelbinder angebracht. Wie bei allen Kabeln. Verwenden Sie 3 Cable Optimizer positionieren Sie die beiden zus\u00e4tzlichen auf dem Teil wo die Plusader und die Minusader getrennt werden. An dieser Stelle springt die Impedanz pl\u00f6tzlich, was wie eine &#8220;Mauer&#8221; f\u00fcr hohe Frequenzen darstellt. An dieser Stelle entstehen extreme Wirbelstr\u00f6me welche erheblichen Klangver\u00e4nderungen zur Folge haben. Auch hier k\u00f6nnte man aber alternativ auf die 30\u00e9r Ronden Sigma zur\u00fcckgreifen. Um den Klangeffekt bei langen Kabeln zu vergr\u00f6\u00dfern k\u00f6nnen Sie weitere Cable Optimizer Sigma jeweils in die Mitte 1\/4 und 3\/4 des Kabels anbringen.<\/p>\n<p>&nbsp;<\/p>\n<p><img fetchpriority=\"high\" decoding=\"async\" data-attachment-id=\"9104\" data-permalink=\"https:\/\/das.raumtuning.info\/?attachment_id=9104\" data-orig-file=\"https:\/\/i0.wp.com\/das.raumtuning.info\/wp-content\/uploads\/2025\/07\/Cable-Optimizer-Sigma-e1753434768386.jpg?fit=1180%2C527&amp;ssl=1\" data-orig-size=\"1180,527\" data-comments-opened=\"1\" data-image-meta=\"{&quot;aperture&quot;:&quot;0&quot;,&quot;credit&quot;:&quot;&quot;,&quot;camera&quot;:&quot;&quot;,&quot;caption&quot;:&quot;&quot;,&quot;created_timestamp&quot;:&quot;0&quot;,&quot;copyright&quot;:&quot;&quot;,&quot;focal_length&quot;:&quot;0&quot;,&quot;iso&quot;:&quot;0&quot;,&quot;shutter_speed&quot;:&quot;0&quot;,&quot;title&quot;:&quot;&quot;,&quot;orientation&quot;:&quot;0&quot;}\" data-image-title=\"Cable Optimizer Sigma\" data-image-description=\"\" data-image-caption=\"\" data-medium-file=\"https:\/\/i0.wp.com\/das.raumtuning.info\/wp-content\/uploads\/2025\/07\/Cable-Optimizer-Sigma-e1753434768386.jpg?fit=300%2C134&amp;ssl=1\" data-large-file=\"https:\/\/i0.wp.com\/das.raumtuning.info\/wp-content\/uploads\/2025\/07\/Cable-Optimizer-Sigma-e1753434768386.jpg?fit=640%2C286&amp;ssl=1\" class=\"aligncenter wp-image-9104 size-full\" src=\"https:\/\/i0.wp.com\/das.raumtuning.info\/wp-content\/uploads\/2025\/07\/Cable-Optimizer-Sigma-e1753434768386.jpg?resize=640%2C286\" alt=\"\" width=\"640\" height=\"286\" srcset=\"https:\/\/i0.wp.com\/das.raumtuning.info\/wp-content\/uploads\/2025\/07\/Cable-Optimizer-Sigma-e1753434768386.jpg?w=1180&amp;ssl=1 1180w, https:\/\/i0.wp.com\/das.raumtuning.info\/wp-content\/uploads\/2025\/07\/Cable-Optimizer-Sigma-e1753434768386.jpg?resize=300%2C134&amp;ssl=1 300w, https:\/\/i0.wp.com\/das.raumtuning.info\/wp-content\/uploads\/2025\/07\/Cable-Optimizer-Sigma-e1753434768386.jpg?resize=1024%2C457&amp;ssl=1 1024w, https:\/\/i0.wp.com\/das.raumtuning.info\/wp-content\/uploads\/2025\/07\/Cable-Optimizer-Sigma-e1753434768386.jpg?resize=150%2C67&amp;ssl=1 150w, https:\/\/i0.wp.com\/das.raumtuning.info\/wp-content\/uploads\/2025\/07\/Cable-Optimizer-Sigma-e1753434768386.jpg?resize=768%2C343&amp;ssl=1 768w, https:\/\/i0.wp.com\/das.raumtuning.info\/wp-content\/uploads\/2025\/07\/Cable-Optimizer-Sigma-e1753434768386.jpg?resize=604%2C270&amp;ssl=1 604w\" sizes=\"(max-width: 640px) 100vw, 640px\" data-recalc-dims=\"1\" \/><\/p>\n<p>&nbsp;<\/p>\n","protected":false},"excerpt":{"rendered":"<p>Bedienungsanleitung Vortex HiFi Cable Optimizer Sigma Aufgrund der Form und l\u00e4nge ist der Cable Optimizer das beste Entst\u00f6rmittel f\u00fcr Kabel \u00fcberhaupt. Befestigen Sie den Cable Optimizer Sigma mit den beiden beiliegenden Klett-Kabelbindern an Ihrem Kabel. Sie k\u00f6nnen einen oder mehrere Cable Optimizer Sigma an einem Kabel verwenden. Allgemein Wenn Sie einen Cable Optimizer verwenden, positionieren Sie dieses direkt in der Mitte des Kabels. Bei 3 Cable Optimizern positioniert Sie den 2. und den 3,. Cable Optimizer jeweils zwischen dem mittleren&#8230;<\/p>\n<p class=\"read-more\"><a class=\"btn btn-default\" href=\"https:\/\/das.raumtuning.info\/?page_id=9101\">Weiterlesen<span class=\"screen-reader-text\"> Weiterlesen<\/span><\/a><\/p>\n","protected":false},"author":1,"featured_media":0,"parent":0,"menu_order":0,"comment_status":"closed","ping_status":"closed","template":"","meta":{"jetpack_post_was_ever_published":false,"footnotes":""},"class_list":["post-9101","page","type-page","status-publish","hentry"],"aioseo_notices":[],"jetpack_sharing_enabled":true,"jetpack_shortlink":"https:\/\/wp.me\/P4hjs0-2mN","jetpack-related-posts":[{"id":4826,"url":"https:\/\/das.raumtuning.info\/?page_id=4826","url_meta":{"origin":9101,"position":0},"title":"Vortex HiFi Surface Optimizer 50 ml","date":"18. M\u00e4rz 2020","format":false,"excerpt":"Antistatikmittel mit Bienenwachs Schonende, saubere Pflege und Antistatik Behandlung f\u00fcr Ihre Lautsprecher, CD\u00b4s, Kabel und alle HiFi-Komponenten sowie Zubeh\u00f6rprodukte aus Kunststoff.f\u00fcr viele Oberfl\u00e4chen wie Holz, Metall, Stein, glattes Leder sowie Kunststoff geeignet.Ganz ohne L\u00f6sungsmittelkeine Silikonesch\u00fctzt vor Wiederanschmutzung und statischer Aufladung Vortex HiFi Surface Optimizer nutzt alle nat\u00fcrlichen Wirkungsstoffe von Bienenwachs\u2026","rel":"","context":"Similar post","img":{"alt_text":"","src":"https:\/\/i0.wp.com\/das.raumtuning.info\/wp-content\/uploads\/2020\/03\/vortex-hifi-surface-optimizer-statische-aufladung-nachhaltig-mindern-varbild-29314.jpeg?fit=1200%2C1200&ssl=1&resize=350%2C200","width":350,"height":200},"classes":[]},{"id":2169,"url":"https:\/\/das.raumtuning.info\/?page_id=2169","url_meta":{"origin":9101,"position":1},"title":"Ground Optimizer","date":"9. Dezember 2015","format":false,"excerpt":"F\u00fcr einen sauberen Klang braucht es eine saubere Masse. Der Ground Optimizer ist Ihr M\u00fclleimer f\u00fcr Massest\u00f6rungen. Die Masse eines Ger\u00e4tes ist gleichzeitig M\u00fcllplatz und K\u00fcchentisch f\u00fcr die Zubereitung Ihres Gourmetklangs. Das kann nicht funktionieren! Massest\u00f6rungen sind elementar f\u00fcr den Klang Die Forderung lautet also, die Massest\u00f6rungen soweit wie irgend\u2026","rel":"","context":"Similar post","img":{"alt_text":"","src":"https:\/\/i0.wp.com\/das.raumtuning.info\/wp-content\/uploads\/2015\/12\/iStock_000012046846_Large.jpg?fit=1200%2C803&ssl=1&resize=350%2C200","width":350,"height":200},"classes":[]},{"id":6855,"url":"https:\/\/das.raumtuning.info\/?page_id=6855","url_meta":{"origin":9101,"position":2},"title":"Vortex HiFi Ground Optimizer MK2 Test im HiFiToday","date":"25. April 2023","format":false,"excerpt":"VORTEX Hifi Ground Optimizer MKII \u2013 HiFi-Test Den Original Test Finden Sie unter dem Link: HiFiToday \/ Frank Wacker \/ 23.04.2023 Schon die erste Version des VORTEX Hifi Ground Optimizers brachte unsere Hifi- Anlagen einen gro\u00dfen Schritt nach vorne, doch mit den neuen Ground Optimizer MKII springt die Performance auf\u2026","rel":"","context":"Similar post","img":{"alt_text":"","src":"https:\/\/i0.wp.com\/das.raumtuning.info\/wp-content\/uploads\/2023\/04\/Logo-HiFiToday-Test-GO-MK2-e1682424331334.jpg?fit=1000%2C348&ssl=1&resize=350%2C200","width":350,"height":200},"classes":[]},{"id":2335,"url":"https:\/\/das.raumtuning.info\/?page_id=2335","url_meta":{"origin":9101,"position":3},"title":"Bedienungsanleitung Ground Optimizer GO 1 und GO2 Ultra sowie GO3 Ultra","date":"11. Februar 2016","format":false,"excerpt":"Herzlichen Gl\u00fcckwunsch zum Erwerb Ihres Vortex HiFi Ground Optimizer! Sie haben eines der innovativsten HiFi-Produkte \u00fcberhaupt erworben. Der Ground Optimizer vereinigt baubiologisches Know How; High-Tech Abschirm-Technik mit den neuesten Erkenntnissen der Beeinflussung der Musikempfindung und des menschlichen Nervensystems durch Elektrosmog. Der Ground Optimizer ist unser 1. Produkt, welches die Ursache\u2026","rel":"","context":"Similar post","img":{"alt_text":"","src":"https:\/\/i0.wp.com\/das.raumtuning.info\/wp-content\/uploads\/2015\/12\/Vortex-HiFi-Ground-Optimizer.jpeg?fit=1200%2C675&ssl=1&resize=350%2C200","width":350,"height":200},"classes":[]},{"id":4832,"url":"https:\/\/das.raumtuning.info\/?page_id=4832","url_meta":{"origin":9101,"position":4},"title":"Bedienungsanleitung Vortex HiFi Hochfrequenz Optimizer (HFO)","date":"18. M\u00e4rz 2020","format":false,"excerpt":"Vortex HiFi Hochfrequenz Optimiser Set Sigma (HFO-Sigma Set) Bedienungsanleitung Hochfrequenz Optimizer (HFO) Set Vielen Dank f\u00fcr den Kauf des HFO -Sets. Die Bedienungsanleitung gilt f\u00fcr den HFO -Sigma, HFO-Diamant+ und dem HFO-PI+. Sie haben eines der innovativsten Produkte im Bereich Wellness und HiFi erworben. Ziel: Ziel der HFO- Sets ist\u2026","rel":"","context":"Similar post","img":{"alt_text":"","src":"https:\/\/i0.wp.com\/das.raumtuning.info\/wp-content\/uploads\/2020\/03\/vortex-hifi-hfo-sigma-optimizer-set-varbild-29223.jpg?resize=350%2C200&ssl=1","width":350,"height":200},"classes":[]},{"id":5231,"url":"https:\/\/das.raumtuning.info\/?page_id=5231","url_meta":{"origin":9101,"position":5},"title":"Ausphasen Stromstecker","date":"19. Oktober 2020","format":false,"excerpt":"Ausphasen der Stromstecker bei Vortex HiFi bedeutet den gekennzeichneten Steckkontakt auf Phase der Netzsteckdose zu stecken. Der Steckkontakt der auf die Phase gesteckt werden muss ist mit einem \"V\" gekennzeichnet. Dabei muss als erstes der Steckkontakt der Steckdose ermittelt werden, der die Phase ist. Dazu verwenden Sie einen Phasenpr\u00fcfer, um\u2026","rel":"","context":"Similar post","img":{"alt_text":"","src":"https:\/\/i0.wp.com\/das.raumtuning.info\/wp-content\/uploads\/2020\/07\/GOP-3-mit-rotem-Pfeil.jpg?fit=1195%2C1200&ssl=1&resize=350%2C200","width":350,"height":200},"classes":[]}],"_links":{"self":[{"href":"https:\/\/das.raumtuning.info\/index.php?rest_route=\/wp\/v2\/pages\/9101","targetHints":{"allow":["GET"]}}],"collection":[{"href":"https:\/\/das.raumtuning.info\/index.php?rest_route=\/wp\/v2\/pages"}],"about":[{"href":"https:\/\/das.raumtuning.info\/index.php?rest_route=\/wp\/v2\/types\/page"}],"author":[{"embeddable":true,"href":"https:\/\/das.raumtuning.info\/index.php?rest_route=\/wp\/v2\/users\/1"}],"replies":[{"embeddable":true,"href":"https:\/\/das.raumtuning.info\/index.php?rest_route=%2Fwp%2Fv2%2Fcomments&post=9101"}],"version-history":[{"count":4,"href":"https:\/\/das.raumtuning.info\/index.php?rest_route=\/wp\/v2\/pages\/9101\/revisions"}],"predecessor-version":[{"id":9107,"href":"https:\/\/das.raumtuning.info\/index.php?rest_route=\/wp\/v2\/pages\/9101\/revisions\/9107"}],"wp:attachment":[{"href":"https:\/\/das.raumtuning.info\/index.php?rest_route=%2Fwp%2Fv2%2Fmedia&parent=9101"}],"curies":[{"name":"wp","href":"https:\/\/api.w.org\/{rel}","templated":true}]}}